{"id":140,"date":"2014-08-23T02:19:36","date_gmt":"2014-08-23T05:19:36","guid":{"rendered":"https:\/\/dioceseteixeiradefreitas.com.br\/?page_id=140"},"modified":"2026-05-05T15:09:00","modified_gmt":"2026-05-05T18:09:00","slug":"forania-imaculada-conceicao-medeiros-neto-itanhem-batinga-ibirapua-lajedaovereda-e-ibiraja","status":"publish","type":"page","link":"https:\/\/dioceseteixeiradefreitas.com.br\/?page_id=140","title":{"rendered":"FORANIA IMACULADA CONCEI\u00c7\u00c3O &#8211; Medeiros Neto, Itanh\u00e9m, Batinga, Ibirapu\u00e3, Lajed\u00e3o, Vereda, Ibiraj\u00e1 e Cruzeiro do sul"},"content":{"rendered":"<p><strong>21. MEDEIROS NETO \u2013 PAR\u00d3QUIA NOSSA SENHORA DA CONCEI\u00c7\u00c3O<\/strong><br \/>\nErigida em: 14\/02\/1965<br \/>\nEndere\u00e7o: Rua da Matriz,122 \u2013 Medeiros Neto\/BA<br \/>\nCEP: 45960-000<br \/>\nE-mail: imaculadaconceicaomn@dioceseteixeiradefreitas.com.br<br \/>\nTel: (73) 99850-9916<br \/>\nP\u00c1ROCO: Pe. Paulo Santos Sales<br \/>\nCoordenadora Paroquial: Luzia Pereira de Souza<br \/>\nNasc:13\/12<br \/>\nTel: (73) 99911-7447<br \/>\nVice-Coordenadora: Maria de F\u00e1tima Lucas Ferreira<br \/>\nNasc: 29\/06<br \/>\nSecret\u00e1ria: Juliana Santos da Silva Brito<br \/>\nNasc: 07\/04<br \/>\nTel: (73) 99926-9260<\/p>\n<p><strong>22. PAR\u00d3QUIA S\u00c3O CRIST\u00d3V\u00c3O<\/strong><br \/>\nErigida em: 25\/07\/2021<br \/>\nEndere\u00e7o: Rua Rita Rocha Amaral \u2013 Bairro Uldurico Pinto \u2013 Medeiros Neto\/Ba.<br \/>\nTel: (73) 99924-9828<br \/>\nE-mail: SaoCristovao@dioceseteixeiradefreitas.com.br<br \/>\nADMINISTRADOR PAROQUIAL: Pe. Leonardo Carvalho<br \/>\nCoordenadora Paroquial: Patr\u00edcia Soares Silva<br \/>\nNasc: 01\/07<br \/>\nTel: (73) 99982-5169<br \/>\ne-mail: soaressilvapatricia14@gmail.com<\/p>\n<p><strong>23. ITANH\u00c9M \u2013 PAR\u00d3QUIA NOSSA SENHORA D\u2019AJUDA<\/strong><br \/>\nErigida em: 14\/03\/1965<br \/>\nEndere\u00e7o: Pra\u00e7a da Matriz, S\/N \u2013 Itanh\u00e9m\/BA<br \/>\nCEP: 45970-000<br \/>\nE-mail: nsradajuda@dioceseteixeiradefreitas.com.br<br \/>\nTel: (73) 3295-2178<br \/>\nADMINISTRADOR PAROQUIAL: Pe. Waldemir Oliveira da Luz Filho<br \/>\nVIG\u00c1RIO PAROQUIAL: Pe. Jos\u00e9 Ricardo de Almeida<br \/>\nVIG\u00c1RIO PAROQUIAL: Pe. Paulo Thadeu Souza Santos<br \/>\nCoordenadora Paroquial: Regina Candida Correia de Oliveira<br \/>\nNasc: 19\/09<br \/>\nTel: (73) 98834-2838<br \/>\nVice-Coordenadora: Marinez Dias Aguiar<br \/>\nNasc: 23\/03<br \/>\nTel: (73) 98805-2170<\/p>\n<p><strong>24. BATINGA \/ ITANH\u00c9M &#8211; QUASE PAR\u00d3QUIA SENHOR BOM JESUS<\/strong><br \/>\nCriada em: 21\/08\/2020<br \/>\nEndere\u00e7o: Pra\u00e7a da Matriz, S\/N &#8211; Batinga &#8211; Itanh\u00e9m-BA<br \/>\nCEP: 45975-000<br \/>\nEmail: bomjesusdebatinga@dioceseteixeiradefreitas.com.br<br \/>\nTel: (73)3604-1066<br \/>\nVIG\u00c1RIO PAROQUIAL: Pe. Paulo Thadeu Souza Santos<br \/>\nCoordenador Paroquial: Ant\u00f4nio Silveira dos Santos Filho<br \/>\nTel: (33) 99951-7495<br \/>\nTesoureira: Cisleide de Oliveira Meira<br \/>\nTel: (33)99976-4400<\/p>\n<p><strong>25. IBIRAPU\u00c3 \u2013 PAR\u00d3QUIA SENHOR BOM JESUS<\/strong><br \/>\nErigida em: 21\/03\/1965<br \/>\nEndere\u00e7o: Pra\u00e7a Geraldo Ch\u00e1cara, 41 \u2013 Ibirapu\u00e3\/BA<br \/>\nCEP: 45940-000<br \/>\nE-mail: bomjesus@dioceseteixeiradefreitas.com.br<br \/>\nTel: (73) 3290-2718<br \/>\nADMINISTRADOR PAROQUIAL: Pe. Vitor Alves Aguiar<br \/>\nCoordenadora Paroquial: Julidiane K\u00e9ssia dos Santos Souza<br \/>\nTel: (73) 98164-4684<br \/>\nE-mail: julidianekessia@gmail.com<\/p>\n<p><strong>26. LAJED\u00c3O \u2013 PAR\u00d3QUIA NOSSA SENHORA DAS GRA\u00c7AS<\/strong><br \/>\nErigida em: 28\/03\/1965<br \/>\nEndere\u00e7o: Av. Claudemiro Rocha Passos, 461 \u2013 Lajed\u00e3o\/BA<br \/>\nCEP: 45950-000<br \/>\nE-mail: nsradasgracas@dioceseteixeiradefreitas.com.br<br \/>\nTel: (73) 3299-2148<br \/>\nP\u00c1ROCO: Pe. Jan Gabriel Rodrigues de Souza<br \/>\nVIG\u00c1RIO PAROQUIAL: Pe. David Oliveira dos Anjos<br \/>\nCoordenadora Paroquial: Maria Pestana de Oliveira de Jesus<br \/>\nNasc: 05\/04<br \/>\nTel: (73) 98231-6032<br \/>\nE-mail: pestanaoliveira35@gmail.com<br \/>\nVice-Coordenador: Autemar Ara\u00fajo Batista<br \/>\nNasc: 14\/11<br \/>\nTel: (73) 98152-1090<\/p>\n<p><strong>27. VEREDA \u2013 PAR\u00d3QUIA S\u00c3O SEBASTI\u00c3O<\/strong><br \/>\nErigida em: 17\/10\/2004<br \/>\nEndere\u00e7o: Rua S\u00e3o Sebasti\u00e3o, 01, Centro \u2013 Vereda\/BA<br \/>\nCEP: 45955-000<br \/>\nE-mail: saosebastiaovereda@dioceseteixeiradefreitas.com.br<br \/>\nTel: (73) 3661-2156<br \/>\nADMINISTRADOR PAROQUIAL: Pe. Henrique Santos Correia<br \/>\nCoordenadora Paroquial: Joceneide Alves dos Santos Souza<br \/>\nNasc: 09\/08<br \/>\nTel: (73) 98165-9277<br \/>\nE-mail: jocineidealves63@gmail.com<br \/>\nVice-Coordenadora: Katiane Fernandes Gobira<br \/>\nNasc: 16\/01<br \/>\nTel: (73)98126-2533<br \/>\nE-mail: katianegobira@hotmail.com<\/p>\n<p><strong>28. IBIRAJ\u00c1 \u2013 PAR\u00d3QUIA SENHOR DO BONFIM<\/strong><br \/>\nErigida em: 17\/10\/2004<br \/>\nEndere\u00e7o: Av. Oscar Cardoso, 35, Centro \u2013 Distrito de Ibiraj\u00e1 \u2013 Itanh\u00e9m\/BA<br \/>\nCEP: 45972-000<br \/>\nE-mail: senhordobonfim@dioceseteixeiradefreitas.com.br<br \/>\nTel: (73) 3295-6190 \/ (73) 98858-0566<br \/>\nADMINISTRADOR PAROQUIAL: Pe. Elvis Elizi\u00e1ria de Jesus<br \/>\nCoordenador Paroquial: Lucimeria Souza C\u00e9sar<br \/>\nTel: (73) 99952-7934<br \/>\nE-mail: lucimeria08@hotmail.com<br \/>\nVice-Coordenadora: Poliana Pereira Borges<br \/>\nNasc: 18\/03<br \/>\nTel: (73) 99198-8429<br \/>\nE-mail: poli.pborges@gmail.com<\/p>\n<p><strong>29. CRUZEIRO DO SUL \u2013 QUASE PAR\u00d3QUIA NOSSA SENHORA APARECIDA<\/strong><br \/>\nCriada em: 02\/05\/2022<br \/>\nEndere\u00e7o: Rua da Igreja, S\/N, Centro, distrito de Cruzeiro do Sul -Vereda\/BA<br \/>\nTel: (73) 99802 \u2013 0872<br \/>\nE-mail: qpnsraaparecida@dioceseteixeiradefreitas.com.br<br \/>\nVIG\u00c1RIO: Pe. Lourisvande Gomes Carvalho<br \/>\nCoordenadora: Regina da Paz Martins Inacio Cruz<br \/>\nTel: (73) 99993-0566<br \/>\nE-mail: reginamartinsinacio085@gmail.com<\/p>\n","protected":false},"excerpt":{"rendered":"<p>21. MEDEIROS NETO \u2013 PAR\u00d3QUIA NOSSA SENHORA DA CONCEI\u00c7\u00c3O Erigida em: 14\/02\/1965 Endere\u00e7o: Rua da Matriz,122 \u2013 Medeiros Neto\/BA CEP: 45960-000 E-mail: imaculadaconceicaomn@dioceseteixeiradefreitas.com.br Tel: (73) 99850-9916 P\u00c1ROCO: Pe. Paulo Santos Sales Coordenadora Paroquial: Luzia Pereira de Souza Nasc:13\/12 Tel: (73) 99911-7447 Vice-Coordenadora: Maria de F\u00e1tima Lucas Ferreira Nasc: 29\/06 Secret\u00e1ria: Juliana Santos da Silva Brito &hellip;<\/p>\n","protected":false},"author":1,"featured_media":0,"parent":0,"menu_order":0,"comment_status":"closed","ping_status":"closed","template":"","meta":{"footnotes":""},"class_list":["post-140","page","type-page","status-publish","hentry"],"_links":{"self":[{"href":"https:\/\/dioceseteixeiradefreitas.com.br\/index.php?rest_route=\/wp\/v2\/pages\/140","targetHints":{"allow":["GET"]}}],"collection":[{"href":"https:\/\/dioceseteixeiradefreitas.com.br\/index.php?rest_route=\/wp\/v2\/pages"}],"about":[{"href":"https:\/\/dioceseteixeiradefreitas.com.br\/index.php?rest_route=\/wp\/v2\/types\/page"}],"author":[{"embeddable":true,"href":"https:\/\/dioceseteixeiradefreitas.com.br\/index.php?rest_route=\/wp\/v2\/users\/1"}],"replies":[{"embeddable":true,"href":"https:\/\/dioceseteixeiradefreitas.com.br\/index.php?rest_route=%2Fwp%2Fv2%2Fcomments&post=140"}],"version-history":[{"count":32,"href":"https:\/\/dioceseteixeiradefreitas.com.br\/index.php?rest_route=\/wp\/v2\/pages\/140\/revisions"}],"predecessor-version":[{"id":25971,"href":"https:\/\/dioceseteixeiradefreitas.com.br\/index.php?rest_route=\/wp\/v2\/pages\/140\/revisions\/25971"}],"wp:attachment":[{"href":"https:\/\/dioceseteixeiradefreitas.com.br\/index.php?rest_route=%2Fwp%2Fv2%2Fmedia&parent=140"}],"curies":[{"name":"wp","href":"https:\/\/api.w.org\/{rel}","templated":true}]}}