{"id":154,"date":"2014-08-23T02:25:07","date_gmt":"2014-08-23T05:25:07","guid":{"rendered":"https:\/\/dioceseteixeiradefreitas.com.br\/?page_id=154"},"modified":"2025-03-12T09:29:26","modified_gmt":"2025-03-12T12:29:26","slug":"forania-sao-jose-mucuri-itabatan-nova-vicosa-posto-da-mata-e-trevo","status":"publish","type":"page","link":"https:\/\/dioceseteixeiradefreitas.com.br\/?page_id=154","title":{"rendered":"FORANIA S\u00c3O JOS\u00c9 &#8211; Mucuri, Itabatan, Nova Vi\u00e7osa, Posto Da Mata e Distrito de Argolo"},"content":{"rendered":"<p><strong>30. MUCURI \u2013 PAR\u00d3QUIA S\u00c3O JOS\u00c9<\/strong><br \/>\nErigida em: 22\/12\/1795<br \/>\nEndere\u00e7o: Rua Jovita Fontes, 28, Centro \u2013 Mucuri\/BA<br \/>\nCEP: 45930-000<br \/>\nE-mail: sjosemucuri@dioceseteixeiradefreitas.com.br<br \/>\nTel: (73) 3206-2217 (Casa Paroquial) \/ 3206-1308 (secretaria)<br \/>\nP\u00c1ROCO: Pe. Raul Felipe Alves da Silva<br \/>\nTel: (73) 99926-3399<br \/>\nCoordenadora Paroquial: Valdete Marques Aguiar<br \/>\nNasc: 29\/11<br \/>\nTel: (73) 99972-3371<br \/>\nE-mail: valmaguilar@gmail.com<br \/>\nVice-coordenadora: Zilma Sena Vieira<br \/>\nTel: (73) 99976-4308<br \/>\nE-mail: zilmasenavieira@gmail.com<\/p>\n<p><strong>31. ITABATAN \u2013 PAR\u00d3QUIA S\u00c3O JOS\u00c9 OPER\u00c1RIO<\/strong><br \/>\nErigida em: 25\/03\/1993<br \/>\nEndere\u00e7o: Pra\u00e7a da Matriz, S\/N, Gazinel\u00e2ndia \u2013 Itabat\u00e3\/BA<br \/>\nCEP: 45930-000<br \/>\nE-mail: sjoperarioitabatan@dioceseteixeiradefreitas.com.br<br \/>\nTel: (73) 3605-2478<br \/>\nADMINISTRADOR PAROQUIAL: Pe. Savio Marques Fiorot<br \/>\nCoordenadora Paroquial: Shirly Maria Ara\u00fajo Franca<br \/>\nTel: (73) 99922-5020<br \/>\nE-mail: shirlyfranca@yahoo.com.br<br \/>\nVice-Coordenador: Jean Cardoso Stein Monteiro<br \/>\nTel: (73) 99829-3786<\/p>\n<p>32. ITABATAN \u2013 PAR\u00d3QUIA SANTA LUZIA<br \/>\nErigida em: 07\/05\/2012<br \/>\nEndere\u00e7o: Rua M\u00e9xico, 167 \u2013 Bairro Cidade Nova \u2013 Itabat\u00e3 \u2013 Mucuri\/BA<br \/>\nCEP: 45936-000<br \/>\nE-mail: qpsantaluzia@dioceseteixeiradefreitas.com.br<br \/>\nADMINISTRADOR PAROQUIAL: Pe. Homero G. Rebou\u00e7as Filho<br \/>\nCoordenadora Paroquial: Andr\u00e9ia Ribon Prando Souza<br \/>\nNasc: 19\/04<br \/>\nTel: (73) 99952-2159<\/p>\n<p><strong>33. NOVA VI\u00c7OSA \u2013 PAR\u00d3QUIA NOSSA SENHORA DA CONCEI\u00c7\u00c3O<\/strong><br \/>\nErigida em: 18\/10\/1733<br \/>\nEndere\u00e7o: Pra\u00e7a Oscar Cardoso, S\/N \u2013 Nova Vi\u00e7osa\/BA<br \/>\nCEP: 45920-000<br \/>\nE-mail: imaculadaconceicaonv@dioceseteixeiradefreitas.com.br<br \/>\nTel: (73) 3208-2323<br \/>\nP\u00c1ROCO: Pe. Aelson Neves de Jesus<br \/>\nTel: (73) 99912-7993<br \/>\nCoordenadora Paroquial: Rog\u00e9ria Alves Silva<br \/>\nNasc: 14\/01<br \/>\nTel: (33) 98805-5336<br \/>\nE-mail: tiaroeli62@hotmail.com<br \/>\nVice-Coordenadora: M\u00e1rcia Trajano Aguiar<br \/>\nNasc: 01\/12<br \/>\nTel: (73) 99963-3987<br \/>\nE-mail: marcia.trajano.mei@hotmail.com<\/p>\n<p><strong>34. POSTO DA MATA \u2013 PAR\u00d3QUIA S\u00c3O BENEDITO<\/strong><br \/>\nErigida em: 26\/03\/1989<br \/>\nEndere\u00e7o: Rua do Gin\u00e1sio, 136, Centro \u2013 Posto da Mata \u2013 Nova Vi\u00e7osa\/BA<br \/>\nCEP: 45928-000<br \/>\nE-mail: saobenedito@dioceseteixeiradefreitas.com.br<br \/>\nTel: (73) 3209-1285<br \/>\nP\u00c1ROCO: Pe. Aldomiro Aciole do Nascimento Ara\u00fajo<br \/>\nVIG\u00c1RIO PAROQUIAL: Pe. Uilton dos Santos Alves<br \/>\nVIG\u00c1RIO PAROQUIAL: Pe. Gerferson Victorino dos Santos<br \/>\nCoordenadora Paroquial: Marcia Pereira de Matos Loures<br \/>\nTel: (73) 99987-3261<br \/>\nE-mail: gabrielefabian@yahoo.com.br<\/p>\n<p><strong>35. TREVO DE POSTO DA MATA &#8211; QUASE PAR\u00d3QUIA S\u00c3O JOS\u00c9<\/strong><br \/>\nCriada em: 09\/05\/2012<br \/>\nEndere\u00e7o: Rua Eun\u00e1polis, 04, Bairro Trevo \u2013 Posto da Mata \u2013 Nova Vi\u00e7osa\/BA<br \/>\nTel: (73) 99823-0912<br \/>\nE-mail: qpsjoseesposo@dioceseteixeiradefreitas.com.br<br \/>\nVIG\u00c1RIO PAROQUIAL: Pe. Uilton dos Santos Alves<br \/>\nCoordenadora: Ozirene Maria de Jesus Sampaio<br \/>\nTel: (73) 99961-8963<br \/>\nE-mail: ozsampaio@hotmail.com<br \/>\nVice-Coordenadora: Maria de F\u00e1tima dos Santos da Silva<br \/>\nTel: (73) 99828-4421<br \/>\nE-mail: fatimaenivaldo59@gmail.com<\/p>\n<p><strong>36. DISTRITO DE ARGOLO &#8211; QUASE PAR\u00d3QUIA NOSSA SENHORA DA SOLEDADE<\/strong><br \/>\nCriada em: 21\/05\/2024<br \/>\nVig\u00e1rio Paroquial: Pe. Gerferson Victorino dos Santos<br \/>\nCoordenadora: F\u00e1tima Bremer Figueiredo<br \/>\nNasc: 11\/10<br \/>\nTel: (73) 99956-1110<br \/>\nVice-coordenadora: Vera L\u00facia Freire Bremer<br \/>\nNasc: 27\/11<br \/>\nTel: (73) 99957-0337<\/p>\n","protected":false},"excerpt":{"rendered":"<p>30. MUCURI \u2013 PAR\u00d3QUIA S\u00c3O JOS\u00c9 Erigida em: 22\/12\/1795 Endere\u00e7o: Rua Jovita Fontes, 28, Centro \u2013 Mucuri\/BA CEP: 45930-000 E-mail: sjosemucuri@dioceseteixeiradefreitas.com.br Tel: (73) 3206-2217 (Casa Paroquial) \/ 3206-1308 (secretaria) P\u00c1ROCO: Pe. Raul Felipe Alves da Silva Tel: (73) 99926-3399 Coordenadora Paroquial: Valdete Marques Aguiar Nasc: 29\/11 Tel: (73) 99972-3371 E-mail: valmaguilar@gmail.com Vice-coordenadora: Zilma Sena Vieira &hellip;<\/p>\n","protected":false},"author":1,"featured_media":0,"parent":0,"menu_order":0,"comment_status":"closed","ping_status":"closed","template":"","meta":{"footnotes":""},"class_list":["post-154","page","type-page","status-publish","hentry"],"_links":{"self":[{"href":"https:\/\/dioceseteixeiradefreitas.com.br\/index.php?rest_route=\/wp\/v2\/pages\/154","targetHints":{"allow":["GET"]}}],"collection":[{"href":"https:\/\/dioceseteixeiradefreitas.com.br\/index.php?rest_route=\/wp\/v2\/pages"}],"about":[{"href":"https:\/\/dioceseteixeiradefreitas.com.br\/index.php?rest_route=\/wp\/v2\/types\/page"}],"author":[{"embeddable":true,"href":"https:\/\/dioceseteixeiradefreitas.com.br\/index.php?rest_route=\/wp\/v2\/users\/1"}],"replies":[{"embeddable":true,"href":"https:\/\/dioceseteixeiradefreitas.com.br\/index.php?rest_route=%2Fwp%2Fv2%2Fcomments&post=154"}],"version-history":[{"count":29,"href":"https:\/\/dioceseteixeiradefreitas.com.br\/index.php?rest_route=\/wp\/v2\/pages\/154\/revisions"}],"predecessor-version":[{"id":24017,"href":"https:\/\/dioceseteixeiradefreitas.com.br\/index.php?rest_route=\/wp\/v2\/pages\/154\/revisions\/24017"}],"wp:attachment":[{"href":"https:\/\/dioceseteixeiradefreitas.com.br\/index.php?rest_route=%2Fwp%2Fv2%2Fmedia&parent=154"}],"curies":[{"name":"wp","href":"https:\/\/api.w.org\/{rel}","templated":true}]}}

FORANIA SÃO JOSÉ &#8211; Mucuri, Itabatan, Nova Viçosa, Posto Da Mata e Distrito de Argolo

<p><strong>30. MUCURI – PARÓQUIA SÃO JOSÉ</strong><br />
Erigida em: 22/12/1795<br />
Endereço: Rua Jovita Fontes, 28, Centro – Mucuri/BA<br />
CEP: 45930-000<br />
E-mail: sjosemucuri@dioceseteixeiradefreitas.com.br<br />
Tel: (73) 3206-2217 (Casa Paroquial) / 3206-1308 (secretaria)<br />
PÁROCO: Pe. Raul Felipe Alves da Silva<br />
Tel: (73) 99926-3399<br />
Coordenadora Paroquial: Valdete Marques Aguiar<br />
Nasc: 29/11<br />
Tel: (73) 99972-3371<br />
E-mail: valmaguilar@gmail.com<br />
Vice-coordenadora: Zilma Sena Vieira<br />
Tel: (73) 99976-4308<br />
E-mail: zilmasenavieira@gmail.com</p>
<p><strong>31. ITABATAN – PARÓQUIA SÃO JOSÉ OPERÁRIO</strong><br />
Erigida em: 25/03/1993<br />
Endereço: Praça da Matriz, S/N, Gazinelândia – Itabatã/BA<br />
CEP: 45930-000<br />
E-mail: sjoperarioitabatan@dioceseteixeiradefreitas.com.br<br />
Tel: (73) 3605-2478<br />
ADMINISTRADOR PAROQUIAL: Pe. Savio Marques Fiorot<br />
Coordenadora Paroquial: Shirly Maria Araújo Franca<br />
Tel: (73) 99922-5020<br />
E-mail: shirlyfranca@yahoo.com.br<br />
Vice-Coordenador: Jean Cardoso Stein Monteiro<br />
Tel: (73) 99829-3786</p>
<p>32. ITABATAN – PARÓQUIA SANTA LUZIA<br />
Erigida em: 07/05/2012<br />
Endereço: Rua México, 167 – Bairro Cidade Nova – Itabatã – Mucuri/BA<br />
CEP: 45936-000<br />
E-mail: qpsantaluzia@dioceseteixeiradefreitas.com.br<br />
ADMINISTRADOR PAROQUIAL: Pe. Homero G. Rebouças Filho<br />
Coordenadora Paroquial: Andréia Ribon Prando Souza<br />
Nasc: 19/04<br />
Tel: (73) 99952-2159</p>
<p><strong>33. NOVA VIÇOSA – PARÓQUIA NOSSA SENHORA DA CONCEIÇÃO</strong><br />
Erigida em: 18/10/1733<br />
Endereço: Praça Oscar Cardoso, S/N – Nova Viçosa/BA<br />
CEP: 45920-000<br />
E-mail: imaculadaconceicaonv@dioceseteixeiradefreitas.com.br<br />
Tel: (73) 3208-2323<br />
PÁROCO: Pe. Aelson Neves de Jesus<br />
Tel: (73) 99912-7993<br />
Coordenadora Paroquial: Rogéria Alves Silva<br />
Nasc: 14/01<br />
Tel: (33) 98805-5336<br />
E-mail: tiaroeli62@hotmail.com<br />
Vice-Coordenadora: Márcia Trajano Aguiar<br />
Nasc: 01/12<br />
Tel: (73) 99963-3987<br />
E-mail: marcia.trajano.mei@hotmail.com</p>
<p><strong>34. POSTO DA MATA – PARÓQUIA SÃO BENEDITO</strong><br />
Erigida em: 26/03/1989<br />
Endereço: Rua do Ginásio, 136, Centro – Posto da Mata – Nova Viçosa/BA<br />
CEP: 45928-000<br />
E-mail: saobenedito@dioceseteixeiradefreitas.com.br<br />
Tel: (73) 3209-1285<br />
PÁROCO: Pe. Aldomiro Aciole do Nascimento Araújo<br />
VIGÁRIO PAROQUIAL: Pe. Uilton dos Santos Alves<br />
VIGÁRIO PAROQUIAL: Pe. Gerferson Victorino dos Santos<br />
Coordenadora Paroquial: Marcia Pereira de Matos Loures<br />
Tel: (73) 99987-3261<br />
E-mail: gabrielefabian@yahoo.com.br</p>
<p><strong>35. TREVO DE POSTO DA MATA &#8211; QUASE PARÓQUIA SÃO JOSÉ</strong><br />
Criada em: 09/05/2012<br />
Endereço: Rua Eunápolis, 04, Bairro Trevo – Posto da Mata – Nova Viçosa/BA<br />
Tel: (73) 99823-0912<br />
E-mail: qpsjoseesposo@dioceseteixeiradefreitas.com.br<br />
VIGÁRIO PAROQUIAL: Pe. Uilton dos Santos Alves<br />
Coordenadora: Ozirene Maria de Jesus Sampaio<br />
Tel: (73) 99961-8963<br />
E-mail: ozsampaio@hotmail.com<br />
Vice-Coordenadora: Maria de Fátima dos Santos da Silva<br />
Tel: (73) 99828-4421<br />
E-mail: fatimaenivaldo59@gmail.com</p>
<p><strong>36. DISTRITO DE ARGOLO &#8211; QUASE PARÓQUIA NOSSA SENHORA DA SOLEDADE</strong><br />
Criada em: 21/05/2024<br />
Vigário Paroquial: Pe. Gerferson Victorino dos Santos<br />
Coordenadora: Fátima Bremer Figueiredo<br />
Nasc: 11/10<br />
Tel: (73) 99956-1110<br />
Vice-coordenadora: Vera Lúcia Freire Bremer<br />
Nasc: 27/11<br />
Tel: (73) 99957-0337</p>

<p>30. MUCURI – PARÓQUIA SÃO JOSÉ Erigida em: 22/12/1795 Endereço: Rua Jovita Fontes, 28, Centro – Mucuri/BA CEP: 45930-000 E-mail: sjosemucuri@dioceseteixeiradefreitas.com.br Tel: (73) 3206-2217 (Casa Paroquial) / 3206-1308 (secretaria) PÁROCO: Pe. Raul Felipe Alves da Silva Tel: (73) 99926-3399 Coordenadora Paroquial: Valdete Marques Aguiar Nasc: 29/11 Tel: (73) 99972-3371 E-mail: valmaguilar@gmail.com Vice-coordenadora: Zilma Sena Vieira &hellip;</p>
