{"id":19347,"date":"2023-02-26T18:50:11","date_gmt":"2023-02-26T21:50:11","guid":{"rendered":"https:\/\/dioceseteixeiradefreitas.com.br\/?page_id=19347"},"modified":"2025-05-07T16:27:05","modified_gmt":"2025-05-07T19:27:05","slug":"tribunal-eclesiastico-interdiocesano","status":"publish","type":"page","link":"https:\/\/dioceseteixeiradefreitas.com.br\/?page_id=19347","title":{"rendered":"Tribunal Eclesi\u00e1stico Interdiocesano"},"content":{"rendered":"\n<p><strong>JUIZES E NOT\u00c1RIOS DO TRIBUNAL<\/strong> <\/p>\n\n\n\n<p>Ir. Francisca Delma Mesquita de Oliveira<br><strong>Defensora do V\u00ednculo<\/strong><\/p>\n\n\n\n<p>Pe. Ant\u00f4nio Paulo Mascarenhas Fran\u00e7a<br><strong>Promotor de justi\u00e7a<\/strong><\/p>\n\n\n\n<p>Dom Jailton de Oliveira Lino, Psdp.<br><strong>Moderador<\/strong><\/p>\n\n\n\n<p>Pe. Wanderley Silva de Oliveira<br><strong>Vig\u00e1rio Judicial<\/strong><\/p>\n\n\n\n<p>Dr. Eglife Brauher Siqueira de Souza<br><strong>Psiquiatra<\/strong><\/p>\n\n\n\n<p>Pe. Nerivaldo Santos de Azevedo<br><strong>Juiz Titular<\/strong><\/p>\n\n\n\n<p>Adeyld Stuart Pinheiro<br><strong>Not\u00e1ria<\/strong><\/p>\n\n\n\n<p>Pe. Reinaldo Reis de Oliveira<br><strong>Juiz<\/strong><\/p>\n\n\n\n<p>Daisy Santos de Jesus Rigo<br><strong>Psic\u00f3loga<\/strong><\/p>\n\n\n\n<p><strong>MEMBROS DA C\u00c2MARA ECLESI\u00c1STICA<\/strong><br><br>Pe. Vagner Batista de Melo                                                                                                               <strong>Juiz Ouvidor<\/strong><\/p>\n\n\n\n<p>Pe. Jan Gabriel R. de Souza                                                                                                                 <strong>Juiz Ouvidor<\/strong><\/p>\n\n\n\n<p>Pe. Uilton dos Santos Alves                                                                                                              <strong>Juiz Ouvidor<\/strong><\/p>\n\n\n\n<p>Pe. Douglas Antunes Lisboa                                                                                                             <strong>Juiz Ouvidor<\/strong><\/p>\n\n\n\n<p>Dra. Lorena Ferreira Fernandes                                                                                                       <strong>Juiza Ouvidora<\/strong><\/p>\n\n\n\n<p>Pe. Vanderlei da Rocha Coutinho                                                                                                      <strong>Juiz Ouvidor<\/strong><\/p>\n\n\n\n<p>Pe. Paulo C\u00e9sar Pereira Pinto                                                                                                           <strong>Juiz Ouvidor<\/strong><\/p>\n\n\n\n<p>Pe. Valdemir Silva dos Santos<br><strong>Moderador da C\u00e2mara<\/strong><\/p>\n\n\n\n<p>Pe. S\u00e1vio Marques Fiorot<br><strong>Not\u00e1rio<\/strong><\/p>\n\n\n\n<p>Pe. Valdemir Silva                                                                                                                       <strong>Not\u00e1rio<\/strong><\/p>\n\n\n\n<p>Adeyld Stuart Pinheiro<strong>                                                                                                               Not\u00e1ria<\/strong><br><br><br><br><br><br><\/p>\n","protected":false},"excerpt":{"rendered":"<p>JUIZES E NOT\u00c1RIOS DO TRIBUNAL Ir. Francisca Delma Mesquita de OliveiraDefensora do V\u00ednculo Pe. Ant\u00f4nio Paulo Mascarenhas Fran\u00e7aPromotor de justi\u00e7a Dom Jailton de Oliveira Lino, Psdp.Moderador Pe. Wanderley Silva de OliveiraVig\u00e1rio Judicial Dr. Eglife Brauher Siqueira de SouzaPsiquiatra Pe. Nerivaldo Santos de AzevedoJuiz Titular Adeyld Stuart PinheiroNot\u00e1ria Pe. Reinaldo Reis de OliveiraJuiz Daisy Santos de &hellip;<\/p>\n","protected":false},"author":24,"featured_media":0,"parent":0,"menu_order":0,"comment_status":"closed","ping_status":"closed","template":"","meta":{"footnotes":""},"class_list":["post-19347","page","type-page","status-publish","hentry"],"_links":{"self":[{"href":"https:\/\/dioceseteixeiradefreitas.com.br\/index.php?rest_route=\/wp\/v2\/pages\/19347","targetHints":{"allow":["GET"]}}],"collection":[{"href":"https:\/\/dioceseteixeiradefreitas.com.br\/index.php?rest_route=\/wp\/v2\/pages"}],"about":[{"href":"https:\/\/dioceseteixeiradefreitas.com.br\/index.php?rest_route=\/wp\/v2\/types\/page"}],"author":[{"embeddable":true,"href":"https:\/\/dioceseteixeiradefreitas.com.br\/index.php?rest_route=\/wp\/v2\/users\/24"}],"replies":[{"embeddable":true,"href":"https:\/\/dioceseteixeiradefreitas.com.br\/index.php?rest_route=%2Fwp%2Fv2%2Fcomments&post=19347"}],"version-history":[{"count":5,"href":"https:\/\/dioceseteixeiradefreitas.com.br\/index.php?rest_route=\/wp\/v2\/pages\/19347\/revisions"}],"predecessor-version":[{"id":24788,"href":"https:\/\/dioceseteixeiradefreitas.com.br\/index.php?rest_route=\/wp\/v2\/pages\/19347\/revisions\/24788"}],"wp:attachment":[{"href":"https:\/\/dioceseteixeiradefreitas.com.br\/index.php?rest_route=%2Fwp%2Fv2%2Fmedia&parent=19347"}],"curies":[{"name":"wp","href":"https:\/\/api.w.org\/{rel}","templated":true}]}}

Tribunal Eclesiástico Interdiocesano

<p><strong>JUIZES E NOTÁRIOS DO TRIBUNAL</strong> </p>



<p>Ir. Francisca Delma Mesquita de Oliveira<br><strong>Defensora do Vínculo</strong></p>



<p>Pe. Antônio Paulo Mascarenhas França<br><strong>Promotor de justiça</strong></p>



<p>Dom Jailton de Oliveira Lino, Psdp.<br><strong>Moderador</strong></p>



<p>Pe. Wanderley Silva de Oliveira<br><strong>Vigário Judicial</strong></p>



<p>Dr. Eglife Brauher Siqueira de Souza<br><strong>Psiquiatra</strong></p>



<p>Pe. Nerivaldo Santos de Azevedo<br><strong>Juiz Titular</strong></p>



<p>Adeyld Stuart Pinheiro<br><strong>Notária</strong></p>



<p>Pe. Reinaldo Reis de Oliveira<br><strong>Juiz</strong></p>



<p>Daisy Santos de Jesus Rigo<br><strong>Psicóloga</strong></p>



<p><strong>MEMBROS DA CÂMARA ECLESIÁSTICA</strong><br><br>Pe. Vagner Batista de Melo                                                                                                               <strong>Juiz Ouvidor</strong></p>



<p>Pe. Jan Gabriel R. de Souza                                                                                                                 <strong>Juiz Ouvidor</strong></p>



<p>Pe. Uilton dos Santos Alves                                                                                                              <strong>Juiz Ouvidor</strong></p>



<p>Pe. Douglas Antunes Lisboa                                                                                                             <strong>Juiz Ouvidor</strong></p>



<p>Dra. Lorena Ferreira Fernandes                                                                                                       <strong>Juiza Ouvidora</strong></p>



<p>Pe. Vanderlei da Rocha Coutinho                                                                                                      <strong>Juiz Ouvidor</strong></p>



<p>Pe. Paulo César Pereira Pinto                                                                                                           <strong>Juiz Ouvidor</strong></p>



<p>Pe. Valdemir Silva dos Santos<br><strong>Moderador da Câmara</strong></p>



<p>Pe. Sávio Marques Fiorot<br><strong>Notário</strong></p>



<p>Pe. Valdemir Silva                                                                                                                       <strong>Notário</strong></p>



<p>Adeyld Stuart Pinheiro<strong>                                                                                                               Notária</strong><br><br><br><br><br><br></p>

<p>JUIZES E NOTÁRIOS DO TRIBUNAL Ir. Francisca Delma Mesquita de OliveiraDefensora do Vínculo Pe. Antônio Paulo Mascarenhas FrançaPromotor de justiça Dom Jailton de Oliveira Lino, Psdp.Moderador Pe. Wanderley Silva de OliveiraVigário Judicial Dr. Eglife Brauher Siqueira de SouzaPsiquiatra Pe. Nerivaldo Santos de AzevedoJuiz Titular Adeyld Stuart PinheiroNotária Pe. Reinaldo Reis de OliveiraJuiz Daisy Santos de &hellip;</p>
