{"id":23018,"date":"2024-10-07T14:40:03","date_gmt":"2024-10-07T17:40:03","guid":{"rendered":"https:\/\/dioceseteixeiradefreitas.com.br\/?page_id=23018"},"modified":"2024-10-08T09:32:22","modified_gmt":"2024-10-08T12:32:22","slug":"comissao-diocesana-para-a-protecao-de-pessoas-vulneraveis","status":"publish","type":"page","link":"https:\/\/dioceseteixeiradefreitas.com.br\/?page_id=23018","title":{"rendered":"Comiss\u00e3o Diocesana Para a Prote\u00e7\u00e3o de Pessoas Vulner\u00e1veis"},"content":{"rendered":"\n<p>A Comiss\u00e3o Diocesana tem a incumb\u00eancia de zelar para que todas as institui\u00e7\u00f5es cat\u00f3licas e \u00e1reas eclesiais que realizam seu trabalho pastoral no territ\u00f3rio da Diocese sejam um lugar seguro e livre de abuso sexual, principalmente para menores e pessoas vulner\u00e1veis que participam de todas as suas atividades.<\/p>\n\n\n\n<p class=\"has-text-align-center\"><strong>Apresenta\u00e7\u00e3o<\/strong><\/p>\n\n\n\n<figure class=\"wp-block-image size-large\"><a href=\"https:\/\/dioceseteixeiradefreitas.com.br\/wp-content\/uploads\/2024\/10\/Carta-de-Apresentacao-Comissao-Diocesena-Especial-de-Tutela-de-Criancas-e-Adolescentes-e-Pessoas-Vulneraveis_page-0001.jpg\"><img loading=\"lazy\" decoding=\"async\" width=\"717\" height=\"1024\" src=\"https:\/\/dioceseteixeiradefreitas.com.br\/wp-content\/uploads\/2024\/10\/Carta-de-Apresentacao-Comissao-Diocesena-Especial-de-Tutela-de-Criancas-e-Adolescentes-e-Pessoas-Vulneraveis_page-0001-717x1024.jpg\" alt=\"\" class=\"wp-image-23019\" srcset=\"https:\/\/dioceseteixeiradefreitas.com.br\/wp-content\/uploads\/2024\/10\/Carta-de-Apresentacao-Comissao-Diocesena-Especial-de-Tutela-de-Criancas-e-Adolescentes-e-Pessoas-Vulneraveis_page-0001-717x1024.jpg 717w, https:\/\/dioceseteixeiradefreitas.com.br\/wp-content\/uploads\/2024\/10\/Carta-de-Apresentacao-Comissao-Diocesena-Especial-de-Tutela-de-Criancas-e-Adolescentes-e-Pessoas-Vulneraveis_page-0001-210x300.jpg 210w, https:\/\/dioceseteixeiradefreitas.com.br\/wp-content\/uploads\/2024\/10\/Carta-de-Apresentacao-Comissao-Diocesena-Especial-de-Tutela-de-Criancas-e-Adolescentes-e-Pessoas-Vulneraveis_page-0001-768x1098.jpg 768w, https:\/\/dioceseteixeiradefreitas.com.br\/wp-content\/uploads\/2024\/10\/Carta-de-Apresentacao-Comissao-Diocesena-Especial-de-Tutela-de-Criancas-e-Adolescentes-e-Pessoas-Vulneraveis_page-0001-1075x1536.jpg 1075w, https:\/\/dioceseteixeiradefreitas.com.br\/wp-content\/uploads\/2024\/10\/Carta-de-Apresentacao-Comissao-Diocesena-Especial-de-Tutela-de-Criancas-e-Adolescentes-e-Pessoas-Vulneraveis_page-0001.jpg 1228w\" sizes=\"auto, (max-width: 717px) 100vw, 717px\" \/><\/a><\/figure>\n\n\n\n<p class=\"has-text-align-center\"><strong>Documentos<\/strong><\/p>\n\n\n\n<p><a href=\"https:\/\/dioceseteixeiradefreitas.com.br\/wp-content\/uploads\/2024\/10\/Decreto-de-Instituicao-da-Comissao-Diocesena-Especial-de-Tutela-de-Criancas-e-Adolescentes-e-Pessoas-Vulneraveis.pdf\">Decreto de Institui\u00e7\u00e3o da Comiss\u00e3o Diocesana Para Prote\u00e7\u00e3o de Menores<\/a><\/p>\n\n\n\n<p><a href=\"https:\/\/dioceseteixeiradefreitas.com.br\/wp-content\/uploads\/2024\/10\/Decreto-de-Nomeacao-Comissao-Diocesena-Especial-de-Tutela-de-Criancas-e-Adolescentes-e-Pessoas-Vulneraveis.pdf\">Decreto de Nomea\u00e7\u00e3o do Presidente da Comiss\u00e3o<\/a><\/p>\n\n\n\n<p><a href=\"https:\/\/dioceseteixeiradefreitas.com.br\/wp-content\/uploads\/2024\/10\/Provisao2.pdf\">Provis\u00e3o 2<\/a><\/p>\n\n\n\n<p><a href=\"https:\/\/dioceseteixeiradefreitas.com.br\/wp-content\/uploads\/2024\/10\/Regulamento-da-Comissao-Diocesena-Especial-de-Tutela-de-Criancas-e-Adolescentes-e-Pessoas-Vulneraveis.pdf\">Regulamento Comiss\u00e3o Diocesana Para Prote\u00e7\u00e3o de Menores<\/a><\/p>\n\n\n\n<p><a href=\"https:\/\/dioceseteixeiradefreitas.com.br\/wp-content\/uploads\/2024\/10\/Protocolo-de-Protecao-dos-Menores-e-dos-Adultos-Vulneraveis.pdf\">Protocolo de Prote\u00e7\u00e3o de Menores e Adultos Vulner\u00e1veis da Diocese de Teixeira de Freitas\/Caravelas<\/a><\/p>\n\n\n\n<p><\/p>\n\n\n\n<p class=\"has-text-align-center\"><strong>Fale Conosco<\/strong><\/p>\n\n\n\n<p class=\"has-text-align-center\">E-mail:<br><a href=\"mailto:protecaomenores@dioceseteixeiradefreitas.com.br\">protecaomenores@dioceseteixeiradefreitas.com.br<\/a><br><br>Endere\u00e7o:<br>Rua Marechal Eurico Gaspar Dutra, 38 \u2013 Centro CEP: 45.985-106 \/ Teixeira de Freitas \u2013 Ba<br><br>Telefone:<br>Pe. Vanderlei Oliveira (73) 99147-0009<br>Ueliton Batista (73) 9 9113-0136<\/p>\n","protected":false},"excerpt":{"rendered":"<p>A Comiss\u00e3o Diocesana tem a incumb\u00eancia de zelar para que todas as institui\u00e7\u00f5es cat\u00f3licas e \u00e1reas eclesiais que realizam seu trabalho pastoral no territ\u00f3rio da Diocese sejam um lugar seguro e livre de abuso sexual, principalmente para menores e pessoas vulner\u00e1veis que participam de todas as suas atividades. Apresenta\u00e7\u00e3o Documentos Decreto de Institui\u00e7\u00e3o da Comiss\u00e3o &hellip;<\/p>\n","protected":false},"author":2,"featured_media":0,"parent":0,"menu_order":0,"comment_status":"closed","ping_status":"closed","template":"","meta":{"footnotes":""},"class_list":["post-23018","page","type-page","status-publish","hentry"],"_links":{"self":[{"href":"https:\/\/dioceseteixeiradefreitas.com.br\/index.php?rest_route=\/wp\/v2\/pages\/23018","targetHints":{"allow":["GET"]}}],"collection":[{"href":"https:\/\/dioceseteixeiradefreitas.com.br\/index.php?rest_route=\/wp\/v2\/pages"}],"about":[{"href":"https:\/\/dioceseteixeiradefreitas.com.br\/index.php?rest_route=\/wp\/v2\/types\/page"}],"author":[{"embeddable":true,"href":"https:\/\/dioceseteixeiradefreitas.com.br\/index.php?rest_route=\/wp\/v2\/users\/2"}],"replies":[{"embeddable":true,"href":"https:\/\/dioceseteixeiradefreitas.com.br\/index.php?rest_route=%2Fwp%2Fv2%2Fcomments&post=23018"}],"version-history":[{"count":9,"href":"https:\/\/dioceseteixeiradefreitas.com.br\/index.php?rest_route=\/wp\/v2\/pages\/23018\/revisions"}],"predecessor-version":[{"id":23041,"href":"https:\/\/dioceseteixeiradefreitas.com.br\/index.php?rest_route=\/wp\/v2\/pages\/23018\/revisions\/23041"}],"wp:attachment":[{"href":"https:\/\/dioceseteixeiradefreitas.com.br\/index.php?rest_route=%2Fwp%2Fv2%2Fmedia&parent=23018"}],"curies":[{"name":"wp","href":"https:\/\/api.w.org\/{rel}","templated":true}]}}

Comissão Diocesana Para a Proteção de Pessoas Vulneráveis

<p>A Comissão Diocesana tem a incumbência de zelar para que todas as instituições católicas e áreas eclesiais que realizam seu trabalho pastoral no território da Diocese sejam um lugar seguro e livre de abuso sexual, principalmente para menores e pessoas vulneráveis que participam de todas as suas atividades.</p>



<p class="has-text-align-center"><strong>Apresentação</strong></p>



<figure class="wp-block-image size-large"><a href="https://dioceseteixeiradefreitas.com.br/wp-content/uploads/2024/10/Carta-de-Apresentacao-Comissao-Diocesena-Especial-de-Tutela-de-Criancas-e-Adolescentes-e-Pessoas-Vulneraveis_page-0001.jpg"><img loading="lazy" decoding="async" width="717" height="1024" src="https://dioceseteixeiradefreitas.com.br/wp-content/uploads/2024/10/Carta-de-Apresentacao-Comissao-Diocesena-Especial-de-Tutela-de-Criancas-e-Adolescentes-e-Pessoas-Vulneraveis_page-0001-717x1024.jpg" alt="" class="wp-image-23019" srcset="https://dioceseteixeiradefreitas.com.br/wp-content/uploads/2024/10/Carta-de-Apresentacao-Comissao-Diocesena-Especial-de-Tutela-de-Criancas-e-Adolescentes-e-Pessoas-Vulneraveis_page-0001-717x1024.jpg 717w, https://dioceseteixeiradefreitas.com.br/wp-content/uploads/2024/10/Carta-de-Apresentacao-Comissao-Diocesena-Especial-de-Tutela-de-Criancas-e-Adolescentes-e-Pessoas-Vulneraveis_page-0001-210x300.jpg 210w, https://dioceseteixeiradefreitas.com.br/wp-content/uploads/2024/10/Carta-de-Apresentacao-Comissao-Diocesena-Especial-de-Tutela-de-Criancas-e-Adolescentes-e-Pessoas-Vulneraveis_page-0001-768x1098.jpg 768w, https://dioceseteixeiradefreitas.com.br/wp-content/uploads/2024/10/Carta-de-Apresentacao-Comissao-Diocesena-Especial-de-Tutela-de-Criancas-e-Adolescentes-e-Pessoas-Vulneraveis_page-0001-1075x1536.jpg 1075w, https://dioceseteixeiradefreitas.com.br/wp-content/uploads/2024/10/Carta-de-Apresentacao-Comissao-Diocesena-Especial-de-Tutela-de-Criancas-e-Adolescentes-e-Pessoas-Vulneraveis_page-0001.jpg 1228w" sizes="auto, (max-width: 717px) 100vw, 717px" /></a></figure>



<p class="has-text-align-center"><strong>Documentos</strong></p>



<p><a href="https://dioceseteixeiradefreitas.com.br/wp-content/uploads/2024/10/Decreto-de-Instituicao-da-Comissao-Diocesena-Especial-de-Tutela-de-Criancas-e-Adolescentes-e-Pessoas-Vulneraveis.pdf">Decreto de Instituição da Comissão Diocesana Para Proteção de Menores</a></p>



<p><a href="https://dioceseteixeiradefreitas.com.br/wp-content/uploads/2024/10/Decreto-de-Nomeacao-Comissao-Diocesena-Especial-de-Tutela-de-Criancas-e-Adolescentes-e-Pessoas-Vulneraveis.pdf">Decreto de Nomeação do Presidente da Comissão</a></p>



<p><a href="https://dioceseteixeiradefreitas.com.br/wp-content/uploads/2024/10/Provisao2.pdf">Provisão 2</a></p>



<p><a href="https://dioceseteixeiradefreitas.com.br/wp-content/uploads/2024/10/Regulamento-da-Comissao-Diocesena-Especial-de-Tutela-de-Criancas-e-Adolescentes-e-Pessoas-Vulneraveis.pdf">Regulamento Comissão Diocesana Para Proteção de Menores</a></p>



<p><a href="https://dioceseteixeiradefreitas.com.br/wp-content/uploads/2024/10/Protocolo-de-Protecao-dos-Menores-e-dos-Adultos-Vulneraveis.pdf">Protocolo de Proteção de Menores e Adultos Vulneráveis da Diocese de Teixeira de Freitas/Caravelas</a></p>



<p></p>



<p class="has-text-align-center"><strong>Fale Conosco</strong></p>



<p class="has-text-align-center">E-mail:<br><a href="mailto:protecaomenores@dioceseteixeiradefreitas.com.br">protecaomenores@dioceseteixeiradefreitas.com.br</a><br><br>Endereço:<br>Rua Marechal Eurico Gaspar Dutra, 38 – Centro CEP: 45.985-106 / Teixeira de Freitas – Ba<br><br>Telefone:<br>Pe. Vanderlei Oliveira (73) 99147-0009<br>Ueliton Batista (73) 9 9113-0136</p>

<p>A Comissão Diocesana tem a incumbência de zelar para que todas as instituições católicas e áreas eclesiais que realizam seu trabalho pastoral no território da Diocese sejam um lugar seguro e livre de abuso sexual, principalmente para menores e pessoas vulneráveis que participam de todas as suas atividades. Apresentação Documentos Decreto de Instituição da Comissão &hellip;</p>
