{"id":34,"date":"2014-08-20T02:32:38","date_gmt":"2014-08-20T02:32:38","guid":{"rendered":"https:\/\/dioceseteixeiradefreitas.com.br\/?page_id=34"},"modified":"2025-03-12T09:47:58","modified_gmt":"2025-03-12T12:47:58","slug":"pastorais-e-movimentos","status":"publish","type":"page","link":"https:\/\/dioceseteixeiradefreitas.com.br\/?page_id=34","title":{"rendered":"Pastorais e Movimentos"},"content":{"rendered":"<p><strong>01. PASTORAL CARCER\u00c1RIA<\/strong><br \/>\nCoordenador: Edvilson Macedo Silva<br \/>\nNasc: 27\/11<br \/>\nTel: (73) 99987-8819<br \/>\nPar\u00f3quia: Par\u00f3quia S\u00e3o Francisco de Assis<br \/>\nE-mail: edmacedo@hotmail.com<br \/>\nVice-Coordenadora: Jucelita Pereira Mota<br \/>\nNasc: 17\/08<br \/>\nPar\u00f3quia: Par\u00f3quia S\u00e3o Francisco de Assis<br \/>\nE-mail: jucelitamotta@gmail.com<br \/>\nASSESSOR: Pe. Paulo S\u00e9rgio Gomes de Melo<br \/>\nTel: (73) 99934-1799<\/p>\n<p><strong>02. PASTORAL DA CATEQUESE<\/strong><br \/>\nCoordenadora: Maria D\u2019Ajuda Gomes de Novaes Andrade<br \/>\nNasc: 19\/10<br \/>\nTel: (73) 99987-1695<br \/>\nPar\u00f3quia: Par\u00f3quia S\u00e3o Jos\u00e9 Esposo \u2013 Guarani<br \/>\nE-mail: proffgnandrade@hotmail.com<br \/>\nEndere\u00e7o: S\u00edtio Bom Prazer \u2013 Guarani \u2013 Prado\/BA<br \/>\nE-mail: proffgnandrade@hotmail.com<br \/>\nVice-Coordenador: Carlos Talher Laurentino<br \/>\nNasc: 27\/02<br \/>\nTel: (73) 99936-5143<br \/>\nE-mail: carlostalher@hotmail.com<br \/>\nASSESSOR: Pe. Douglas Antunes Lisboa<br \/>\nTel: (73) 99924-1472<\/p>\n<p><strong>03. PASTORAL DA COMUNICA\u00c7\u00c3O<\/strong><br \/>\nCoordenador: Julian Mayer Rigo<br \/>\nNasc: 15\/09<br \/>\nTel: (73) 98124-7671<br \/>\nE-mail: julian.rigo@ticonnecting.com<br \/>\nVice-Coordenadora: Gabrielle Santana dos Santos<br \/>\nNasc: 26\/05<br \/>\nTel: (73) 99938-0831<br \/>\nE-mail: bisantana2011@gmail.com<br \/>\nASSESSOR: Pe. Paulo Andr\u00e9 Costa de Oliveira<br \/>\nTel: (71) 99153-8216<\/p>\n<p><strong>04. PASTORAL DE COROINHAS E CERIMONI\u00c1RIOS<\/strong><br \/>\nCoordenador: Rosangela Fernandes Souza Muniz<br \/>\nNasc: 08\/08<br \/>\nTel: (73) 99806-3807<br \/>\nPar\u00f3quia: Par\u00f3quia S\u00e3o Jos\u00e9 Oper\u00e1rio<br \/>\nE-mail: rosefsmuniz@hotmail.com<br \/>\nASSESSOR: Pe. Mathaus Sampaio Sales<br \/>\nTel: (73) 98130-7795<\/p>\n<p><strong>05. PASTORAL DA CRIAN\u00c7A<\/strong><br \/>\nCoordenadora: Leidiomar Simira Rocha<br \/>\nNasc: 17\/01<br \/>\nTel: (73) 99910-5934<br \/>\nPar\u00f3quia: Par\u00f3quia Santa Rita de C\u00e1ssia<br \/>\nE-mail: simira9@gmail.com<br \/>\nVice-Coordenador: Cecifran Santos Ara\u00fajo<br \/>\nNasc: 13\/07<br \/>\nTel: (73) 99985-7305<br \/>\nVice-Coordenadora: Neusa Mota da Silva<br \/>\nNasc: 29\/07<br \/>\nTel: (73) 98824-1016<br \/>\nE-mail: neusapastoral@hotmail.com<br \/>\nASSESSOR: Pe. Phellipe Moreira da F\u00e9<br \/>\nTel: (73) 98871-8117<\/p>\n<p><strong>06. PASTORAL DO D\u00cdZIMO<\/strong><br \/>\nCoordenadora: Regina Fachetti<br \/>\nNasc: 27\/02<br \/>\nTel: (73) 99974-6672<br \/>\nPar\u00f3quia: Par\u00f3quia S\u00e3o Pedro<br \/>\nE-mail: refachetti@hormail.com<br \/>\nVice-Coordenadora: Nagilda Medeiros Gomes da Silva<br \/>\nNasc: 16\/02<br \/>\nTel: (73) 99985-9501<br \/>\nE-mail: destakcontab@hotmail.com<br \/>\nASSESSOR: Pe. Aelson Neves de Jesus<br \/>\nTel: (73) 99912-7993<\/p>\n<p><strong>07. PASTORAL FAMILIAR<\/strong><br \/>\nCoordenadores: Cleide Meira Torres dos Santos e Silm\u00e1rio Gon\u00e7alves dos Santos<br \/>\nNasc: 15\/11 e 19\/04<br \/>\nTel: (73) 99935-6090 \u2013 (73) 99991-4133<br \/>\nPar\u00f3quia: Par\u00f3quia Santa Rita<br \/>\nE-mail: salvemaria@hotmail.com<br \/>\nASSESSOR: Pe. Henrique Santos Correia<br \/>\nTel: (73) 99164-7862<\/p>\n<p><strong>08. PASTORAL LIT\u00daRGICA<\/strong><br \/>\nCoordenadora: Ana Rita da Silva Reis<br \/>\nNasc: 14\/09<br \/>\nTel: (73) 98114-1693<br \/>\nPar\u00f3quia: Par\u00f3quia S\u00e3o Pedro<br \/>\nE-mail: annaritha@hotmail.com<br \/>\nASSESSOR: Pe. Homero Gomes Rebou\u00e7as Filho<br \/>\nTel: (73) 99811-1155<\/p>\n<p><strong>09. SETOR JUVENTUDE<\/strong><br \/>\nCoordenador:<br \/>\nNasc:<br \/>\nTel:<br \/>\nPar\u00f3quia:<br \/>\nE-mail:<br \/>\nASSESSOR: Frei Alan Santana<br \/>\nTel: (73) 99981-4600<\/p>\n<p><strong>10. PASTORAL DA PESSOA IDOSA<\/strong><br \/>\nCoordenadora: Diane Ribeiro dos Santos Bel\u00e9m<br \/>\nNasc: 03\/12<br \/>\nPar\u00f3quia: Par\u00f3quia S\u00e3o Jos\u00e9 \u2013 Mucuri<br \/>\nE-mail: diana57ribeiro@gmail.com<br \/>\nASSESSOR: Pe. Gilberto Jesus dos Santos<br \/>\nTel: (73) 99829-2728<\/p>\n<p><strong>11. MINISTROS EXTRAORDIN\u00c1RIOS DA COMUNH\u00c3O EUCAR\u00cdSTICA<\/strong><br \/>\nCoordenadora: Adriana Cangu\u00e7\u00fa Lopes de Sousa<br \/>\nNasc: 13\/07<br \/>\nTel: (73) 99918-8772<br \/>\nPar\u00f3quia: Par\u00f3quia Santa Rita de C\u00e1ssia<br \/>\nE-mail: melmixmelmix@yahoo.com.br<br \/>\nVice-Coordenadora: Ana Paula Ruas das Neves<br \/>\nNasc: 19\/04<br \/>\nTel: (73) 98829 \u2013 0010<br \/>\nPar\u00f3quia: Par\u00f3quia S\u00e3o Francisco de Assis<br \/>\nE-mail: paularuas22@hotmail.com<br \/>\nASSESSOR: Pe. Isael Santana da Silva<br \/>\nTel: (73) 99915-1954<\/p>\n<p><strong>12. PASTORAL DA EDUCA\u00c7\u00c3O<\/strong><br \/>\nCoordenadora: Olga Suely Soares de Souza<br \/>\nPar\u00f3quia: Par\u00f3quia S\u00e3o Francisco<br \/>\nEndere\u00e7o: Rua Para\u00edso 17 \u2013 Bairro Rosa de Lima \u2013 Teixeira de Freitas<br \/>\nTel: (073) 99986-1049<br \/>\nASSESSORA: Irm\u00e3 Cristina Alves Ribeiro<br \/>\nNasc: 12\/08<br \/>\nTel: (73) 98109-0437<br \/>\nPar\u00f3quia: Par\u00f3quia Santo Ant\u00f4nio \u2013 Teixeira de Freitas<br \/>\nE-mail: ircristina@gmail.com<\/p>\n<p><strong>13. PASTORAL PRESBITERAL<\/strong><br \/>\nASSESSOR: Pe. Vagner Batista de Melo<br \/>\nTel: (73) 98842-2556<br \/>\nTESOUREIRO: Pe. Paulo C\u00e9sar Pereira Pinto<br \/>\nSECRET\u00c1RIO: Pe. Nestor Marcial Cyriaco Filho<\/p>\n<p><strong>14. PASTORAL DA SOBRIEDADE<\/strong><br \/>\nCoordenador: Edinildo Souza dos Santos<br \/>\nNasc: 21\/09<br \/>\nTel: (73) 99110-3547<br \/>\nPar\u00f3quia: Par\u00f3quia S\u00e3o Sebasti\u00e3o \u2013 Teixeira de Freitas<br \/>\nE-mail: nildoset@bol.com.br<br \/>\nVice-coordenadora: Laura Beatriz Pereira Lima<br \/>\nNasc: 20\/08<br \/>\nTel: (73) 99918 \u2013 4427<br \/>\nPar\u00f3quia: S\u00e3o Pedro<br \/>\nASSESSOR: Pe. Paulo Santos Sales<br \/>\nTel: (73) 99925-3417<\/p>\n<p><strong>15. PASTORAL INDIGENISTA<\/strong><br \/>\nASSESSOR: Pe. Jailton Sousa Sapucaia<\/p>\n<p><strong>16. C\u00cdRCULOS B\u00cdBLICOS<\/strong><br \/>\nCoordenadora: Marta\u00eddes Pedroso Guerra<br \/>\nNasc: 16\/11<br \/>\nTel: (73) 98833-4413<br \/>\nPar\u00f3quia: Par\u00f3quia Santo Ant\u00f4nio \u2013 Teixeira de Freitas<br \/>\nE-mail: circulobiblicotx@hotmail.com<br \/>\nVice-Coordenadora: Cleide Van Siqueira Lima Chagas<br \/>\nNasc: 28\/01<br \/>\nTel: (73) 99939-9965<br \/>\nE-mail: cleide-van@outlook.com<br \/>\nASSESSOR: Pe. David Oliveira dos Anjos<br \/>\nTel: (73) 99852-9562<\/p>\n<p><strong>17. COMIDI \u2013 CONSELHO MISSION\u00c1RIO DIOCESANO<\/strong><br \/>\nCoordenadora: Maria Dajuda Venceslau Cardoso<br \/>\nNasc: 13\/06<br \/>\nTel: (73) 99992-1414<br \/>\nPar\u00f3quia: Par\u00f3quia Santo Ant\u00f4nio (Bela Vista)<br \/>\nE-mail: cardosodajuda136@gmail.com<br \/>\nASSESSOR: Pe. Rodrigo Rodrigues Vieira<br \/>\nTel: (73) 99815-0240<\/p>\n<p><strong>18. COMUNIDADES ECLESIAIS DE BASE<\/strong><br \/>\nCoordenador: Ir. Olga Pereira<br \/>\nNasc: 28\/08<br \/>\nTel: (73) 99805-6793<br \/>\nE-mail: osjoliveira@gmail.com<br \/>\nVice-Coordenador: Jean Paulo Gon\u00e7alves Santana<br \/>\nNasc: 20\/02<br \/>\nTel: (73) 99987-7569<br \/>\nASSESSOR: Pe. Nestor Marcial Cyriaco Filho<br \/>\nTel: (73) 98194-1725<\/p>\n<p><strong>19. PASTORAL VOCACIONAL<\/strong><br \/>\nASSESSOR: Pe. Mathaus Sampaio Sales<br \/>\nNasc: 30\/04<br \/>\nTel: (73) 98130-7795<br \/>\nE-mail: mathaussampaio@gmail.com<\/p>\n<p><strong>20. PASTORAL DA SA\u00daDE<\/strong><br \/>\nCoordenador: Fagner Neves Viana<br \/>\nNasc: 26\/06<br \/>\nTel: (73) 99933-6454<br \/>\nPar\u00f3quia: Par\u00f3quia S\u00e3o Francisco<br \/>\nE-mail: fagnerviana2014@gmail.com<br \/>\nASSESSOR: Pe. Uilton dos Santos Alves<br \/>\nTel: (71) 999950-4634<\/p>\n<p><strong>21. MOVIMENTO ENCONTRO DE CASAIS COM CRISTO \u2013 ECC<\/strong><br \/>\nCoordenadores: Alan Herbert e Claugisa O. Campos<br \/>\nNasc: 21\/07 e 04\/07<br \/>\nTel: (73) 99992-7777 \/ (73) 99975-8880<br \/>\nPar\u00f3quia: S\u00e3o Pedro<br \/>\nE-mail: claugisa@hotmail.com<br \/>\nASSESSOR: Pe. Raul Felipe Alves da Silva<br \/>\nTel: (73) 99926-3399<\/p>\n<p><strong>22. MOVIMENTO FAMILIAR CRIST\u00c3O &#8211; MFC<\/strong><br \/>\nCoordenadora: Alessandra Silva A. dos Santos e Odevaldo Pereira Santos<br \/>\nNasc: 10\/03 \u2013 25\/02<br \/>\nTel: (73) 99921-2247<br \/>\nPar\u00f3quia: Par\u00f3quia S\u00e3o Paulo<br \/>\nE-mail: alessandra.artesmanuais@outlook.com<br \/>\nVice: Benevaldo Guilherme Nunes e Maria Cleunildes J. Nunes<br \/>\nNasc: 30\/06 e 09\/06<br \/>\nTel: (73) 98805-3117<br \/>\nPar\u00f3quia: Par\u00f3quia Nossa Senhora de F\u00e1tima<br \/>\nASSESSOR: Pe. Tharles Brand\u00e3o Batista.<br \/>\nTel: (73) 98444-9500<\/p>\n<p><strong>23. MOVIMENTO DE CURSILHO DE CRISTANDADE \u2013 MCC<\/strong><br \/>\nCoordenador: Cid Chaves Neto e Adriana<br \/>\nNasc: 24\/02<br \/>\nTel: (73) 99934-1400<br \/>\nPar\u00f3quia: Par\u00f3quia S\u00e3o Pedro<br \/>\nE-mail: cichavesneto@hotmail.com<br \/>\nAssessor: Pe. Diego Cl\u00e1udio de Oliveira Monteiro<br \/>\nTel: (71) 99626-8308<\/p>\n<p><strong>24. RENOVA\u00c7\u00c3O CARISM\u00c1TICA CAT\u00d3LICA \u2013 RCC<\/strong><br \/>\nCoordenadora: Layane de Ara\u00fajo Sousa<br \/>\nNasc: 29\/10<br \/>\nTel: (73) 999110-3989<br \/>\nE-mail: lalayaraujo@hotmail.com<br \/>\nSecretaria:Thabita de Souza Tota<br \/>\nNasc: 14\/04<br \/>\nTel: (73) 98107-1555<br \/>\nE-mail: thabitatotta@gmail.com<br \/>\nASSESSOR: Pe. Jos\u00e9 Ailton Ribeiro Pardinho<br \/>\nTel: (73) 98209 \u2013 1205<\/p>\n<p><strong>25. APOSTOLADO DA ORA\u00c7\u00c3O<\/strong><br \/>\nCoordenadora: Maria In\u00eas Gon Coqueiro<br \/>\nPar\u00f3quia: Par\u00f3quia S\u00e3o Jos\u00e9 Oper\u00e1rio<br \/>\nE-mail: m.ines.g01@gmail.com<br \/>\nASSESSOR: Pe. Pedro Francisco P. Medeiros<br \/>\nTel: (73) 99993-8374<\/p>\n<p><strong>26. LEGI\u00c3O DE MARIA<\/strong><br \/>\nCoordenadora: Maria das Dores de Souza Moreira<br \/>\nNasc: 11\/03<br \/>\nTel: (73) 99903-9628<br \/>\nPar\u00f3quia: Par\u00f3quia S\u00e3o Francisco de Assis<br \/>\nE-mail: tereza_dasdores@hotmail.com<br \/>\nASSESSOR: Pe. Waldemir Oliveira da Luz Filho<br \/>\nTel: (73) 98138-3252<\/p>\n<p><strong>27. M\u00c3E PEREGRINA<\/strong><br \/>\nCoordenador: Jadir Ferreira dos Santos<br \/>\nNasc: 17\/07<br \/>\nTel: (73) 99803-8919<br \/>\nPar\u00f3quia: Par\u00f3quia S\u00e3o Miguel Arcanjo<br \/>\nE-mail: jadirferreira@gmail.com<br \/>\nVice-Coordenadora: Alceli Gomes Diniz<br \/>\nNasc: 30\/12<br \/>\nTel: (73) 99943-4343<br \/>\nE-mail: alceli_g@hotmail.com<br \/>\nSecret\u00e1ria: Sandra Maria Anselmo Barbosa<br \/>\nNasc: 02\/09<br \/>\nTel: (73) 99926-2107<br \/>\nE-mail: sandra.m.anselmo@gmail.com<br \/>\nASSESSOR: Pe. Vitor Alves<br \/>\nTel: (21) 97305-2646<\/p>\n<p><strong>28. SOCIEDADE S\u00c3O VICENTE DE PAULO<\/strong><br \/>\nCoordenador: Newbert Costa Neres<br \/>\nNasc: 27\/11<br \/>\nTel: (73) 99994-4048<br \/>\nPar\u00f3quia: Par\u00f3quia Santa Rita de C\u00e1ssia<br \/>\nE-mail: ncneres@hotmail.com<br \/>\nASSESSOR: Pe. Vanderlei da Rocha Coutinho<br \/>\nTel: (77) 99120-7685<\/p>\n<p><strong>29. CONSELHO NACIONAL DE LEIGOS DO BRASIL (CNLB) \u2013 EQUIPE DIOCESANA<\/strong><br \/>\nCoordenadora: Maria Cristina Jovita Soares Guerra<br \/>\nNasc: 24\/05<br \/>\nTel: (73) 99983-8186<br \/>\nE-mail: cristinajovitaguerra@gmail.com<\/p>\n<p><strong>30. TER\u00c7O DOS HOMENS<\/strong><br \/>\nCoordenador: Fernando Alves de Sousa<br \/>\nNasc: 21\/12<br \/>\nTel: (73) 99945-7155<br \/>\nPar\u00f3quia: Santo Ant\u00f4nio \u2013 Teixeira de Freitas<br \/>\nE-mail.: fernandoalvesti@gmail.com<br \/>\nASSESSOR: Pe. Met\u00f3dio Macedo<br \/>\nTel: (73) 99199-6193<\/p>\n<p><strong>31. MOVIMENTO M\u00c3ES QUE ORAM PELOS FILHOS<\/strong><br \/>\nCoordenadora: Consuelo Costa Silva Fernandes<br \/>\nNasc: 28\/07<br \/>\nTel: (73) 99948-6014<br \/>\nPar\u00f3quia: Catedral S\u00e3o Pedro<br \/>\nE-mail: consuelocosta1@gmail.com<br \/>\nAssessor: Pe. Gerferson Victorino dos Santos<br \/>\nTel: (21) 96572-1078<\/p>\n<p><strong>32. CONFER\u00caNCIA DOS RELIGIOSOS DO BRASIL &#8211; CRB<\/strong><br \/>\nN\u00d9CLEO DIOCESE DE TEIXEIRA DE FREITAS\/CARAVELAS<br \/>\nCoordenadora: Ir. Gilda Pereira de S\u00e1<br \/>\nNasc: 29\/05<br \/>\nPar\u00f3quia: Par\u00f3quia Santo Ant\u00f4nio<br \/>\nTel: (27) 99855-5729<br \/>\nE-mail: gpdsa1963@gmail.com<br \/>\nVice: Ir. Maria Olga Pereira de Oliveira<br \/>\nNasc: 28\/08<br \/>\nPar\u00f3quia: Par\u00f3quia S\u00e3o Louren\u00e7o<br \/>\nTel: (73) 99805-6793<br \/>\nE-mail: oisjoliveira@gmail.com<\/p>\n<p><strong>33. Associa\u00e7\u00e3o Educacional e Assistencial Levanta-te<\/strong><br \/>\nPresidente: Luiza Pontara Soares<br \/>\nNasc: 04\/09<br \/>\nPar\u00f3quia: Par\u00f3quia S\u00e3o Jo\u00e3o Batista<br \/>\nTel.: (73) 99956-6605<br \/>\nE-mail: luizapontara1485@outlook<br \/>\nVice Presidente: Marinalva Teixeira Moror\u00f3<br \/>\nTel.: (73) 99994-0866<br \/>\nAssessor Jur\u00eddico: Dr. Edmundo Silva Costa<br \/>\nTel.: (73) 99985-7193<\/p>\n<p style=\"text-align: center;\"><strong>COORDENA\u00c7\u00c3O DIOCESANA DE PASTORAL<\/strong><\/p>\n<p>Coordenador: Pe. Ricardo de Pinho Menezes<br \/>\nPar\u00f3quia: Par\u00f3quia Santo Ant\u00f4nio \u2013 Teixeira de Freitas<br \/>\nNasc: 28\/08<br \/>\nTel: (73) 99963-8274<br \/>\nE-mail: santoantonio@dioceseteixeiradefreitas.com.br<\/p>\n<p>Ir. Maria Kelly Alves<br \/>\nNasc: 10\/06<br \/>\nTel: (73) 99857 \u2013 5807<br \/>\nE-mail: mariakellydejesus@hotmail.com<\/p>\n<p>Cleide Van Sirqueira Lima Chagas<br \/>\nPar\u00f3quia: Par\u00f3quia N. Sra. das Gra\u00e7as &#8211; Teixeira de Freitas<br \/>\nNasc: 28\/11<br \/>\nTel: (73) 99939-9965<br \/>\nE-mail: cleide-van@outlook.com<\/p>\n<p>Edieme de Almeida Moreira<br \/>\nPar\u00f3quia: Par\u00f3quia Santa Luzia &#8211; Teixeira de Freitas<br \/>\nNasc: 20\/04<br \/>\nTel: (73) 99919-7908<br \/>\nE-mail: edieme10@hotmail.com<\/p>\n<p>Marta\u00eddes Pedroso Guerra<br \/>\nPar\u00f3quia: Par\u00f3quia Santo Ant\u00f4nio \u2013 Teixeira de Freitas<br \/>\nNasc: 16\/11<br \/>\nTel: (73) 98833-4413<br \/>\nE-mail: martaides@yahoo.com.br<\/p>\n<p>Sandra Santos Amorim Santiago<br \/>\nPar\u00f3quia: Par\u00f3quia S\u00e3o Pedro \u2013 Teixeira de Freitas<br \/>\nNasc: 07\/04<br \/>\nTel: (73) 98111-1789<br \/>\nE-mail: ardnasamorin@gmail.com<\/p>\n<p>Wilder Machado da Cruz<br \/>\nPar\u00f3quia: Par\u00f3quia Santo Ant\u00f4nio \u2013 Teixeira de Freitas<br \/>\nNasc: 24\/12<br \/>\nTel: (73) 98123-5208<br \/>\nE-mail: wildermachadodacruz@gmail.com<\/p>\n<p>Maria Cristina Jovita Soares Guerra<br \/>\nPar\u00f3quia: Par\u00f3quia S\u00e3o Pedro &#8211; Teixeira de Freitas<br \/>\nNasc.: 24\/05<br \/>\nTel: (73) 9987-8186<br \/>\nE-mail: cristinajovitaguerra@gmail.com<\/p>\n<p>Can\u00edddia Martins de Sousa<br \/>\nPar\u00f3quia: Par\u00f3quia S\u00e3o Louren\u00e7o &#8211; Teixeira de Freitas<br \/>\nNasc.: 10\/11<br \/>\nTel: (73) 99950-5440<br \/>\nE-mail: caniddiams@ifa-ba.com.br<\/p>\n<p>E-mail da Coordena\u00e7\u00e3o Diocesana de Pastoral: coordenacaopastoral@dioceseteixeiradefreitas.com.br<\/p>\n","protected":false},"excerpt":{"rendered":"<p>01. PASTORAL CARCER\u00c1RIA Coordenador: Edvilson Macedo Silva Nasc: 27\/11 Tel: (73) 99987-8819 Par\u00f3quia: Par\u00f3quia S\u00e3o Francisco de Assis E-mail: edmacedo@hotmail.com Vice-Coordenadora: Jucelita Pereira Mota Nasc: 17\/08 Par\u00f3quia: Par\u00f3quia S\u00e3o Francisco de Assis E-mail: jucelitamotta@gmail.com ASSESSOR: Pe. Paulo S\u00e9rgio Gomes de Melo Tel: (73) 99934-1799 02. PASTORAL DA CATEQUESE Coordenadora: Maria D\u2019Ajuda Gomes de Novaes Andrade &hellip;<\/p>\n","protected":false},"author":1,"featured_media":0,"parent":0,"menu_order":0,"comment_status":"closed","ping_status":"closed","template":"","meta":{"footnotes":""},"class_list":["post-34","page","type-page","status-publish","hentry"],"_links":{"self":[{"href":"https:\/\/dioceseteixeiradefreitas.com.br\/index.php?rest_route=\/wp\/v2\/pages\/34","targetHints":{"allow":["GET"]}}],"collection":[{"href":"https:\/\/dioceseteixeiradefreitas.com.br\/index.php?rest_route=\/wp\/v2\/pages"}],"about":[{"href":"https:\/\/dioceseteixeiradefreitas.com.br\/index.php?rest_route=\/wp\/v2\/types\/page"}],"author":[{"embeddable":true,"href":"https:\/\/dioceseteixeiradefreitas.com.br\/index.php?rest_route=\/wp\/v2\/users\/1"}],"replies":[{"embeddable":true,"href":"https:\/\/dioceseteixeiradefreitas.com.br\/index.php?rest_route=%2Fwp%2Fv2%2Fcomments&post=34"}],"version-history":[{"count":33,"href":"https:\/\/dioceseteixeiradefreitas.com.br\/index.php?rest_route=\/wp\/v2\/pages\/34\/revisions"}],"predecessor-version":[{"id":24022,"href":"https:\/\/dioceseteixeiradefreitas.com.br\/index.php?rest_route=\/wp\/v2\/pages\/34\/revisions\/24022"}],"wp:attachment":[{"href":"https:\/\/dioceseteixeiradefreitas.com.br\/index.php?rest_route=%2Fwp%2Fv2%2Fmedia&parent=34"}],"curies":[{"name":"wp","href":"https:\/\/api.w.org\/{rel}","templated":true}]}}