{"id":471,"date":"2014-09-16T03:35:30","date_gmt":"2014-09-16T03:35:30","guid":{"rendered":"https:\/\/dioceseteixeiradefreitas.com.br\/?page_id=471"},"modified":"2025-03-11T09:53:52","modified_gmt":"2025-03-11T12:53:52","slug":"seminario","status":"publish","type":"page","link":"https:\/\/dioceseteixeiradefreitas.com.br\/?page_id=471","title":{"rendered":"Semin\u00e1rios"},"content":{"rendered":"<p><strong>SEMIN\u00c1RIO PROPED\u00caUTICO BOM PASTOR<\/strong><br \/>\nAv. das Na\u00e7\u00f5es, n\u00ba 545 \u2013 Bairro Monte Castelo<br \/>\nCEP: 45996-135 \u2013 Teixeira de Freitas\/Ba<br \/>\nFone: (73) 3292-5094<br \/>\nEmail: sempropedeutico@dioceseteixeiradefreitas.com.br<br \/>\nFone: (73) 3292-5094<br \/>\n<strong>REITOR:<\/strong> Pe. Ariston Domingues de Ara\u00fajo<\/p>\n<p><strong>DIRETORES ESPIRITUAIS:<\/strong><br \/>\nPe. Jan Gabriel Rodrigues<br \/>\nPe. Raul Felipe da Silva<\/p>\n<p><strong>CONFESSORES:<\/strong><br \/>\nPe. Rogerio Gon\u00e7alves<br \/>\nPe. Gilberto de Jesus<\/p>\n<p><strong>SEMIN\u00c1RIO MAIOR S\u00c3O JO\u00c3O PAULO II<\/strong><br \/>\nAv. Leovigildo Filgueiras, 753<br \/>\nGarcia &#8211; Salvador &#8211; BA<br \/>\nCEP: 40.100-000<br \/>\nEmail: sjoaopauloii@dioceseteixeiradefreitas.com.br<br \/>\n<strong>REITOR:<\/strong> Pe. Roberto Pereira da Silva<\/p>\n","protected":false},"excerpt":{"rendered":"<p>SEMIN\u00c1RIO PROPED\u00caUTICO BOM PASTOR Av. das Na\u00e7\u00f5es, n\u00ba 545 \u2013 Bairro Monte Castelo CEP: 45996-135 \u2013 Teixeira de Freitas\/Ba Fone: (73) 3292-5094 Email: sempropedeutico@dioceseteixeiradefreitas.com.br Fone: (73) 3292-5094 REITOR: Pe. Ariston Domingues de Ara\u00fajo DIRETORES ESPIRITUAIS: Pe. Jan Gabriel Rodrigues Pe. Raul Felipe da Silva CONFESSORES: Pe. Rogerio Gon\u00e7alves Pe. Gilberto de Jesus SEMIN\u00c1RIO MAIOR S\u00c3O &hellip;<\/p>\n","protected":false},"author":1,"featured_media":0,"parent":0,"menu_order":0,"comment_status":"closed","ping_status":"closed","template":"","meta":{"footnotes":""},"class_list":["post-471","page","type-page","status-publish","hentry"],"_links":{"self":[{"href":"https:\/\/dioceseteixeiradefreitas.com.br\/index.php?rest_route=\/wp\/v2\/pages\/471","targetHints":{"allow":["GET"]}}],"collection":[{"href":"https:\/\/dioceseteixeiradefreitas.com.br\/index.php?rest_route=\/wp\/v2\/pages"}],"about":[{"href":"https:\/\/dioceseteixeiradefreitas.com.br\/index.php?rest_route=\/wp\/v2\/types\/page"}],"author":[{"embeddable":true,"href":"https:\/\/dioceseteixeiradefreitas.com.br\/index.php?rest_route=\/wp\/v2\/users\/1"}],"replies":[{"embeddable":true,"href":"https:\/\/dioceseteixeiradefreitas.com.br\/index.php?rest_route=%2Fwp%2Fv2%2Fcomments&post=471"}],"version-history":[{"count":10,"href":"https:\/\/dioceseteixeiradefreitas.com.br\/index.php?rest_route=\/wp\/v2\/pages\/471\/revisions"}],"predecessor-version":[{"id":23999,"href":"https:\/\/dioceseteixeiradefreitas.com.br\/index.php?rest_route=\/wp\/v2\/pages\/471\/revisions\/23999"}],"wp:attachment":[{"href":"https:\/\/dioceseteixeiradefreitas.com.br\/index.php?rest_route=%2Fwp%2Fv2%2Fmedia&parent=471"}],"curies":[{"name":"wp","href":"https:\/\/api.w.org\/{rel}","templated":true}]}}

Seminários

<p><strong>SEMINÁRIO PROPEDÊUTICO BOM PASTOR</strong><br />
Av. das Nações, nº 545 – Bairro Monte Castelo<br />
CEP: 45996-135 – Teixeira de Freitas/Ba<br />
Fone: (73) 3292-5094<br />
Email: sempropedeutico@dioceseteixeiradefreitas.com.br<br />
Fone: (73) 3292-5094<br />
<strong>REITOR:</strong> Pe. Ariston Domingues de Araújo</p>
<p><strong>DIRETORES ESPIRITUAIS:</strong><br />
Pe. Jan Gabriel Rodrigues<br />
Pe. Raul Felipe da Silva</p>
<p><strong>CONFESSORES:</strong><br />
Pe. Rogerio Gonçalves<br />
Pe. Gilberto de Jesus</p>
<p><strong>SEMINÁRIO MAIOR SÃO JOÃO PAULO II</strong><br />
Av. Leovigildo Filgueiras, 753<br />
Garcia &#8211; Salvador &#8211; BA<br />
CEP: 40.100-000<br />
Email: sjoaopauloii@dioceseteixeiradefreitas.com.br<br />
<strong>REITOR:</strong> Pe. Roberto Pereira da Silva</p>

<p>SEMINÁRIO PROPEDÊUTICO BOM PASTOR Av. das Nações, nº 545 – Bairro Monte Castelo CEP: 45996-135 – Teixeira de Freitas/Ba Fone: (73) 3292-5094 Email: sempropedeutico@dioceseteixeiradefreitas.com.br Fone: (73) 3292-5094 REITOR: Pe. Ariston Domingues de Araújo DIRETORES ESPIRITUAIS: Pe. Jan Gabriel Rodrigues Pe. Raul Felipe da Silva CONFESSORES: Pe. Rogerio Gonçalves Pe. Gilberto de Jesus SEMINÁRIO MAIOR SÃO &hellip;</p>
