{"id":5,"date":"2014-08-18T01:16:03","date_gmt":"2014-08-18T01:16:03","guid":{"rendered":"https:\/\/dioceseteixeiradefreitas.com.br\/?page_id=5"},"modified":"2020-07-21T13:03:40","modified_gmt":"2020-07-21T16:03:40","slug":"historia","status":"publish","type":"page","link":"https:\/\/dioceseteixeiradefreitas.com.br\/?page_id=5","title":{"rendered":"Hist\u00f3ria"},"content":{"rendered":"<p style=\"text-align: justify;\">Diante das dificuldades, para n\u00e3o dizer impossibilidades de comunica\u00e7\u00e3o entre o sul e o centro do bispado que residia na cidade de Ilh\u00e9us, no dia 1\u00ba de maio de 1948 Dom Benedito Zorzi ent\u00e3o bispo de Ilh\u00e9us, escreve uma carta ao Sr. N\u00fancio falando da inten\u00e7\u00e3o de se criar uma prelazia desmembrada da diocese de Ilh\u00e9us, sendo que o desejo da cria\u00e7\u00e3o da prelazia havia partido do antecessor de Dom Benedito, Dom Felipe Condur\u00fa. Sendo criada a nova prelazia a sede deveria ser em Caravelas, devido ser a cidade mais populosa, possuir os melhores meios de transportes, pois possu\u00eda v\u00f4os para Rio de Janeiro e Salvador, al\u00e9m de possuir via f\u00e9rrea (trem), bem como j\u00e1 possu\u00eda uma casa da par\u00f3quia.<\/p>\n<p style=\"text-align: justify;\">A necessidade da cria\u00e7\u00e3o de uma prelazia devia-se principalmente ao fato de se ter no extremo sul da Bahia somente tr\u00eas sacerdotes, um em Alcoba\u00e7a em car\u00e1ter provis\u00f3rio, um em Caravelas e um em Porto Seguro. Quando em viagem para participar do congresso nacional eucar\u00edstico do ano de 1948, Dom Benedito conversou com Dom Jaime C\u00e2mara, que o sugeriu ao inv\u00e9s de criar uma prelazia se criasse uma diocese, visto que prelazia ficava toda vida prelazia e uma nova diocese \u201co novo bispo daria por pedras e paus para arranjar padres\u201d disse Dom Jaime. Dom Benedito encaminha ao N\u00fancio o desejo de se criar a Diocese de Caravelas.<\/p>\n<p style=\"text-align: justify;\">Em 1952 Dom Benedito \u00e9 transferido para Caxias do Sul sendo sucedido por Dom Jo\u00e3o Resende. Dom Jo\u00e3o fez algumas visitas surpresas a regi\u00e3o para conhecer a realidade econ\u00f4mica e religiosa do sul da Bahia para julgar a necessidade de cria\u00e7\u00e3o da nova diocese, todas as maquina\u00e7\u00f5es para o desenrolar da nova diocese estava sendo \u201csub secreto pontif\u00edcio\u201d. Por volta do ano de 1957 Dom Jo\u00e3o Resende comunica ao ent\u00e3o vig\u00e1rio de Caravelas Frei Oswaldo que a santa S\u00e9 estaria pensando em criar uma nova diocese no sul da Bahia e que a sede mais indicada seria possivelmente Caravelas, visto sua prerrogativa de facilidade de transportes: avi\u00e3o, estrada de ferro, porto. Frei Oswaldo come\u00e7a ent\u00e3o mobilizar as autoridades pol\u00edticas da cidade para conseguir uma casa digna para ser o pal\u00e1cio episcopal. A not\u00edcia causou grande alvoro\u00e7o na popula\u00e7\u00e3o que come\u00e7ou a se mobilizar para providenciar uma casa para ser sede da diocese.<\/p>\n<p style=\"text-align: justify;\">Ao final do ano de 1957 Dom Jo\u00e3o Resende \u00e9 transferido, cessando por enquanto as atividades em redor da cria\u00e7\u00e3o da diocese. Em abril de 1958 \u00e9 nomeado o novo bispo para diocese de Ilh\u00e9us Dom Caetano. No final do ano de 1958 em visita a cidade de Caravelas, em fun\u00e7\u00e3o de boatos que a sede da diocese que seria criada no sul da Bahia seria em Porto Seguro, Belmonte ou Caravelas, Dom Caetano reafirma que Caravelas ser\u00e1 a sede da nova diocese. Em 1959 frei Oswaldo \u00e9 substitu\u00eddo por frei Oto, que come\u00e7a a constru\u00e7\u00e3o do pal\u00e1cio episcopal pr\u00f3ximo a matriz de Santo Antonio de P\u00e1dua com doa\u00e7\u00f5es e recursos pr\u00f3prios.<\/p>\n<p style=\"text-align: justify;\">Durante certo tempo cessou-se o coment\u00e1rio para cria\u00e7\u00e3o da nova diocese, pois tudo corria sob total sigilo pontif\u00edcio. Em 1962 \u00e9 ent\u00e3o criada a diocese de Caravelas pela sua Santidade o papa Jo\u00e3o XXIII, pela bula pontif\u00edcia omnium Eclesiarum, datada de 21 de julho de 1962, a nova diocese contemplaria uma \u00e1rea de 26.924 Km\u00b2 com uma popula\u00e7\u00e3o aproximada na \u00e9poca de 270.000 habitantes e sete par\u00f3quias, sendo o territ\u00f3rio da diocese composto pelas cidades de Santa Cruz de Cabr\u00e1lia, Porto Seguro, Prado, Alcoba\u00e7a, Caravelas, Nova Vi\u00e7osa, Mucuri, Medeiros Neto, contudo o novo bispo Dom Filipe Broers s\u00f3 foi nomeado por sua Santidade no dia 03 de maio de 1963, sendo sagrado bispo no dia 25\/07\/1963, tendo como lema no seu bras\u00e3o Vinde e Vede. Tomando posse da diocese de Caravelas no dia 29\/07\/1963.<\/p>\n<p style=\"text-align: justify;\">No ano de 1983 \u00e9 nomeado por sua Santidade o Papa Jo\u00e3o Paulo II, Antonio Elizeu Zuqueto para ser o novo bispo da Diocese de Teixeira de Freitas \/ Caravelas, sendo sagrado Bispo no ano de 1983 tendo como lema no bras\u00e3o \u201cCristo \u00e9 a nossa paz\u201d.<\/p>\n<p style=\"text-align: justify;\">No ano de 2005 Dom Antonio \u00e9 nomeado bispo em\u00e9rito da diocese de Teixeira de Freitas \/ Caravelas, sendo nomeado novo bispo por sua Santidade Bento XVI Dom Carlos Alberto dos Santos, sendo sagrado bispo dia 26\/07\/05, tendo como lema no bras\u00e3o \u201cPor Maria \u00e0 Eucaristia\u201d.<\/p>\n<p style=\"text-align: justify;\">A sede da diocese foi transferida no dia 18 de abril do ano de 1983 para Teixeira de Freitas pelo decreto \u201cSacra Congregation Pro Episopis\u201d sendo posteriormente denominada diocese de Teixeira de Freitas \/ Caravelas. Mais tarde \u00e9 criada a diocese de Eun\u00e1polis a qual pertencia a Teixeira de Freitas \/ Caravelas, passando a diocese de Teixeira de Freitas \/ Caravelas ser composta das seguintes cidades: Jucuru\u00e7u, Itamaraju, Prado, Alcoba\u00e7a, Caravelas, Mucuri, Nova Vi\u00e7osa, Itanh\u00e9m, Medeiros Neto, Lajed\u00e3o, Ibirapu\u00e3 e Teixeira de Freitas, hoje totalizando 25 par\u00f3quias e 2 \u00e1reas pastorais.<\/p>\n<p><strong>BISPOS<\/strong><\/p>\n<ul>\n<li><strong>Dom Filipe Tiago Broers<\/strong>, foi nomeado por sua Santidade no dia 03 de maio de 1963, sendo sagrado bispo no dia 25\/07\/63, tendo como Lema no seu bras\u00e3o <strong>&#8220;Vinde e Vede&#8221;<\/strong>. Tomando posse da Diocese de Caravelas no dia 29\/07\/63.<\/li>\n<li><strong>Dom Ant\u00f4nio Elizeu Zuqueto<\/strong> passa a ser o novo bispo da Diocese de Teixeira de Freitas\/Caravelas, sendo sagrado Bispo no ano de 1983, tendo como lema no bras\u00e3o <strong>\u201cCristo \u00e9 a nossa paz\u201d<\/strong>, no ano de 2005, Dom Ant\u00f4nio \u00e9 nomeado bispo em\u00e9rito da diocese de Teixeira de Freitas\/Caravelas.<\/li>\n<li><strong>Dom Carlos Alberto dos Santos<\/strong>, sendo sagrado bispo dia 26\/07\/05, tendo como lema no bras\u00e3o \u201c<strong>Por Maria \u00e1 Eucaristia<\/strong>\u201d posse 30\/09\/2005. Foi nomeado Bispo de Itabuna no dia 01\/02\/2017. Foi transferido para a Diocese de Itabuna no dia 07\/04\/2017.<\/li>\n<li><strong>Dom Jailton de Oliveira Lino, PSDP,\u00a0<\/strong>foi nomeado bispo da Diocese de Teixeira de Freitas\/Caravelas no dia 15\/11\/2017, tomou posse em 09\/02\/2018, seu lema \u00e9 <strong>&#8220;N\u00e3o vos angustieis&#8221;.<\/strong><\/li>\n<\/ul>\n<p><strong>ADMINISTRADOR DIOCESANO<\/strong><\/p>\n<ul>\n<li>Em 07\/04\/2017 a Diocese de Teixeira de Freitas \/ Caravelas passou por um per\u00edodo de vac\u00e2ncia, no qual o <strong>Pe. Edivaldo Oliveira Santana<\/strong> foi eleito pelo col\u00e9gio dos consultores como administrador diocesano.<\/li>\n<\/ul>\n","protected":false},"excerpt":{"rendered":"<p>Diante das dificuldades, para n\u00e3o dizer impossibilidades de comunica\u00e7\u00e3o entre o sul e o centro do bispado que residia na cidade de Ilh\u00e9us, no dia 1\u00ba de maio de 1948 Dom Benedito Zorzi ent\u00e3o bispo de Ilh\u00e9us, escreve uma carta ao Sr. N\u00fancio falando da inten\u00e7\u00e3o de se criar uma prelazia desmembrada da diocese de &hellip;<\/p>\n","protected":false},"author":1,"featured_media":0,"parent":0,"menu_order":0,"comment_status":"closed","ping_status":"closed","template":"","meta":{"footnotes":""},"class_list":["post-5","page","type-page","status-publish","hentry"],"_links":{"self":[{"href":"https:\/\/dioceseteixeiradefreitas.com.br\/index.php?rest_route=\/wp\/v2\/pages\/5","targetHints":{"allow":["GET"]}}],"collection":[{"href":"https:\/\/dioceseteixeiradefreitas.com.br\/index.php?rest_route=\/wp\/v2\/pages"}],"about":[{"href":"https:\/\/dioceseteixeiradefreitas.com.br\/index.php?rest_route=\/wp\/v2\/types\/page"}],"author":[{"embeddable":true,"href":"https:\/\/dioceseteixeiradefreitas.com.br\/index.php?rest_route=\/wp\/v2\/users\/1"}],"replies":[{"embeddable":true,"href":"https:\/\/dioceseteixeiradefreitas.com.br\/index.php?rest_route=%2Fwp%2Fv2%2Fcomments&post=5"}],"version-history":[{"count":7,"href":"https:\/\/dioceseteixeiradefreitas.com.br\/index.php?rest_route=\/wp\/v2\/pages\/5\/revisions"}],"predecessor-version":[{"id":10862,"href":"https:\/\/dioceseteixeiradefreitas.com.br\/index.php?rest_route=\/wp\/v2\/pages\/5\/revisions\/10862"}],"wp:attachment":[{"href":"https:\/\/dioceseteixeiradefreitas.com.br\/index.php?rest_route=%2Fwp%2Fv2%2Fmedia&parent=5"}],"curies":[{"name":"wp","href":"https:\/\/api.w.org\/{rel}","templated":true}]}}