{"id":6822,"date":"2019-07-08T16:55:48","date_gmt":"2019-07-08T19:55:48","guid":{"rendered":"https:\/\/dioceseteixeiradefreitas.com.br\/?page_id=6822"},"modified":"2021-09-16T16:57:58","modified_gmt":"2021-09-16T19:57:58","slug":"dom-filipe-tiago-broers-ofm","status":"publish","type":"page","link":"https:\/\/dioceseteixeiradefreitas.com.br\/?page_id=6822","title":{"rendered":"Dom Filipe Tiago Broers OFM"},"content":{"rendered":"<p><img loading=\"lazy\" decoding=\"async\" class=\"aligncenter wp-image-6812 \" src=\"https:\/\/dioceseteixeiradefreitas.com.br\/wp-content\/uploads\/2019\/07\/FOTOS-DOS-BISPOS-PARA-SIT.png\" alt=\"\" width=\"425\" height=\"638\" srcset=\"https:\/\/dioceseteixeiradefreitas.com.br\/wp-content\/uploads\/2019\/07\/FOTOS-DOS-BISPOS-PARA-SIT.png 3543w, https:\/\/dioceseteixeiradefreitas.com.br\/wp-content\/uploads\/2019\/07\/FOTOS-DOS-BISPOS-PARA-SIT-600x900.png 600w, https:\/\/dioceseteixeiradefreitas.com.br\/wp-content\/uploads\/2019\/07\/FOTOS-DOS-BISPOS-PARA-SIT-200x300.png 200w, https:\/\/dioceseteixeiradefreitas.com.br\/wp-content\/uploads\/2019\/07\/FOTOS-DOS-BISPOS-PARA-SIT-768x1152.png 768w, https:\/\/dioceseteixeiradefreitas.com.br\/wp-content\/uploads\/2019\/07\/FOTOS-DOS-BISPOS-PARA-SIT-683x1024.png 683w\" sizes=\"auto, (max-width: 425px) 100vw, 425px\" \/><\/p>\n<p style=\"text-align: center;\"><strong>DOM FILIPE TIAGO BROERS OFM<\/strong><br \/>\n<strong>1963-1983<\/strong><\/p>\n<p style=\"text-align: center;\">Nascido em Blokker &#8211; Holanda,13\/07\/1916<\/p>\n<p style=\"text-align: center;\"><strong>Ordenado Sacerdote:<\/strong> Weert &#8211; Holanda em 04\/04\/1943<\/p>\n<p style=\"text-align: center;\"><strong>Sagra\u00e7\u00e3o Episcopal:<\/strong> Te\u00f3filo Otoni &#8211; Minas Gerais, 25\/07\/1963<\/p>\n<p style=\"text-align: center;\"><strong>Posse na Diocese:<\/strong> 28\/07\/1963<\/p>\n<p style=\"text-align: center;\"><strong>Falecido em:<\/strong> 26\/03\/1990<\/p>\n","protected":false},"excerpt":{"rendered":"<p>DOM FILIPE TIAGO BROERS OFM 1963-1983 Nascido em Blokker &#8211; Holanda,13\/07\/1916 Ordenado Sacerdote: Weert &#8211; Holanda em 04\/04\/1943 Sagra\u00e7\u00e3o Episcopal: Te\u00f3filo Otoni &#8211; Minas Gerais, 25\/07\/1963 Posse na Diocese: 28\/07\/1963 Falecido em: 26\/03\/1990<\/p>\n","protected":false},"author":1,"featured_media":0,"parent":0,"menu_order":0,"comment_status":"closed","ping_status":"closed","template":"","meta":{"footnotes":""},"class_list":["post-6822","page","type-page","status-publish","hentry"],"_links":{"self":[{"href":"https:\/\/dioceseteixeiradefreitas.com.br\/index.php?rest_route=\/wp\/v2\/pages\/6822","targetHints":{"allow":["GET"]}}],"collection":[{"href":"https:\/\/dioceseteixeiradefreitas.com.br\/index.php?rest_route=\/wp\/v2\/pages"}],"about":[{"href":"https:\/\/dioceseteixeiradefreitas.com.br\/index.php?rest_route=\/wp\/v2\/types\/page"}],"author":[{"embeddable":true,"href":"https:\/\/dioceseteixeiradefreitas.com.br\/index.php?rest_route=\/wp\/v2\/users\/1"}],"replies":[{"embeddable":true,"href":"https:\/\/dioceseteixeiradefreitas.com.br\/index.php?rest_route=%2Fwp%2Fv2%2Fcomments&post=6822"}],"version-history":[{"count":5,"href":"https:\/\/dioceseteixeiradefreitas.com.br\/index.php?rest_route=\/wp\/v2\/pages\/6822\/revisions"}],"predecessor-version":[{"id":14386,"href":"https:\/\/dioceseteixeiradefreitas.com.br\/index.php?rest_route=\/wp\/v2\/pages\/6822\/revisions\/14386"}],"wp:attachment":[{"href":"https:\/\/dioceseteixeiradefreitas.com.br\/index.php?rest_route=%2Fwp%2Fv2%2Fmedia&parent=6822"}],"curies":[{"name":"wp","href":"https:\/\/api.w.org\/{rel}","templated":true}]}}