{"id":7074,"date":"2019-07-17T09:33:03","date_gmt":"2019-07-17T12:33:03","guid":{"rendered":"https:\/\/dioceseteixeiradefreitas.com.br\/?page_id=7074"},"modified":"2025-02-23T18:14:12","modified_gmt":"2025-02-23T21:14:12","slug":"seminario-maior-sao-joao-paulo-ii","status":"publish","type":"page","link":"https:\/\/dioceseteixeiradefreitas.com.br\/?page_id=7074","title":{"rendered":"Semin\u00e1rio Maior S\u00e3o Jo\u00e3o Paulo II"},"content":{"rendered":"<p style=\"text-align: center;\"><strong>SEMIN\u00c1RIO MAIOR S\u00c3O JO\u00c3O PAULO II<\/strong><br \/>\nRua Francisco Ferraro, n\u00ba 17.<br \/>\nNazar\u00e9 &#8211; Salvador\/BA<br \/>\nCEP:40.040-465<br \/>\nEmail: <a href=\"mailto:sjoaopauloii@dioceseteixeiradefreitas.com.br\">sjoaopauloii@dioceseteixeiradefreitas.com.br<\/a><br \/>\n<strong>REITOR:<\/strong> Pe. Roberto Pereira da Silva<\/p>\n","protected":false},"excerpt":{"rendered":"<p>SEMIN\u00c1RIO MAIOR S\u00c3O JO\u00c3O PAULO II Rua Francisco Ferraro, n\u00ba 17. Nazar\u00e9 &#8211; Salvador\/BA CEP:40.040-465 Email: sjoaopauloii@dioceseteixeiradefreitas.com.br REITOR: Pe. Roberto Pereira da Silva<\/p>\n","protected":false},"author":1,"featured_media":0,"parent":0,"menu_order":0,"comment_status":"closed","ping_status":"closed","template":"","meta":{"footnotes":""},"class_list":["post-7074","page","type-page","status-publish","hentry"],"_links":{"self":[{"href":"https:\/\/dioceseteixeiradefreitas.com.br\/index.php?rest_route=\/wp\/v2\/pages\/7074","targetHints":{"allow":["GET"]}}],"collection":[{"href":"https:\/\/dioceseteixeiradefreitas.com.br\/index.php?rest_route=\/wp\/v2\/pages"}],"about":[{"href":"https:\/\/dioceseteixeiradefreitas.com.br\/index.php?rest_route=\/wp\/v2\/types\/page"}],"author":[{"embeddable":true,"href":"https:\/\/dioceseteixeiradefreitas.com.br\/index.php?rest_route=\/wp\/v2\/users\/1"}],"replies":[{"embeddable":true,"href":"https:\/\/dioceseteixeiradefreitas.com.br\/index.php?rest_route=%2Fwp%2Fv2%2Fcomments&post=7074"}],"version-history":[{"count":8,"href":"https:\/\/dioceseteixeiradefreitas.com.br\/index.php?rest_route=\/wp\/v2\/pages\/7074\/revisions"}],"predecessor-version":[{"id":23892,"href":"https:\/\/dioceseteixeiradefreitas.com.br\/index.php?rest_route=\/wp\/v2\/pages\/7074\/revisions\/23892"}],"wp:attachment":[{"href":"https:\/\/dioceseteixeiradefreitas.com.br\/index.php?rest_route=%2Fwp%2Fv2%2Fmedia&parent=7074"}],"curies":[{"name":"wp","href":"https:\/\/api.w.org\/{rel}","templated":true}]}}

Seminário Maior São João Paulo II

<p style="text-align: center;"><strong>SEMINÁRIO MAIOR SÃO JOÃO PAULO II</strong><br />
Rua Francisco Ferraro, nº 17.<br />
Nazaré &#8211; Salvador/BA<br />
CEP:40.040-465<br />
Email: <a href="mailto:sjoaopauloii@dioceseteixeiradefreitas.com.br">sjoaopauloii@dioceseteixeiradefreitas.com.br</a><br />
<strong>REITOR:</strong> Pe. Roberto Pereira da Silva</p>

<p>SEMINÁRIO MAIOR SÃO JOÃO PAULO II Rua Francisco Ferraro, nº 17. Nazaré &#8211; Salvador/BA CEP:40.040-465 Email: sjoaopauloii@dioceseteixeiradefreitas.com.br REITOR: Pe. Roberto Pereira da Silva</p>
